Last updated on 2024-04-22 12:55:31 CEST.
Flavor | Version | Tinstall | Tcheck | Ttotal | Status | Flags |
---|---|---|---|---|---|---|
r-devel-linux-x86_64-debian-clang | 1.2 | 12.06 | 348.56 | 360.62 | NOTE | |
r-devel-linux-x86_64-debian-gcc | 1.2 | 10.27 | 264.33 | 274.60 | NOTE | |
r-devel-linux-x86_64-fedora-clang | 1.2 | 456.57 | NOTE | |||
r-devel-linux-x86_64-fedora-gcc | 1.2 | 483.89 | NOTE | |||
r-prerel-macos-arm64 | 1.2 | 163.00 | NOTE | |||
r-prerel-windows-x86_64 | 1.2 | 14.00 | 129.00 | 143.00 | NOTE | --no-vignettes |
r-patched-linux-x86_64 | 1.2 | 9.36 | 342.80 | 352.16 | NOTE | |
r-release-linux-x86_64 | 1.2 | 9.57 | 352.67 | 362.24 | NOTE | |
r-release-macos-arm64 | 1.2 | 179.00 | NOTE | |||
r-release-macos-x86_64 | 1.2 | 288.00 | NOTE | |||
r-release-windows-x86_64 | 1.2 | 17.00 | 139.00 | 156.00 | NOTE | --no-vignettes |
r-oldrel-macos-arm64 | 1.2 | 162.00 | NOTE | |||
r-oldrel-windows-x86_64 | 1.2 | 18.00 | 156.00 | 174.00 | NOTE | --no-vignettes |
Version: 1.2
Check: LazyData
Result: NOTE
'LazyData' is specified without a 'data' directory
Flavors: r-devel-linux-x86_64-debian-clang, r-devel-linux-x86_64-debian-gcc, r-devel-linux-x86_64-fedora-clang, r-devel-linux-x86_64-fedora-gcc, r-prerel-macos-arm64, r-patched-linux-x86_64, r-release-linux-x86_64, r-release-macos-arm64, r-release-macos-x86_64, r-oldrel-macos-arm64
Version: 1.2
Check: installed package size
Result: NOTE
installed size is 5.1Mb
sub-directories of 1Mb or more:
doc 4.7Mb
Flavors: r-devel-linux-x86_64-fedora-clang, r-prerel-macos-arm64, r-release-macos-arm64, r-release-macos-x86_64, r-oldrel-macos-arm64
Version: 1.2
Flags: --no-vignettes
Check: installed package size
Result: NOTE
installed size is 5.1Mb
sub-directories of 1Mb or more:
doc 4.7Mb
Flavors: r-prerel-windows-x86_64, r-release-windows-x86_64, r-oldrel-windows-x86_64
Version: 1.2
Flags: --no-vignettes
Check: LazyData
Result: NOTE
'LazyData' is specified without a 'data' directory
Flavors: r-prerel-windows-x86_64, r-release-windows-x86_64, r-oldrel-windows-x86_64