Last updated on 2022-06-28 12:52:17 CEST.
Flavor | Version | Tinstall | Tcheck | Ttotal | Status | Flags |
---|---|---|---|---|---|---|
r-devel-linux-x86_64-debian-clang | 1.0-16 | 33.59 | 394.46 | 428.05 | OK | |
r-devel-linux-x86_64-debian-gcc | 1.0-16 | 25.33 | 285.25 | 310.58 | OK | |
r-devel-linux-x86_64-fedora-clang | 1.0-16 | 485.66 | OK | |||
r-devel-linux-x86_64-fedora-gcc | 1.0-16 | 494.10 | OK | |||
r-devel-windows-x86_64 | 1.0-16 | 181.00 | 448.00 | 629.00 | OK | |
r-patched-linux-x86_64 | 1.0-16 | 38.18 | 368.32 | 406.50 | OK | |
r-release-linux-x86_64 | 1.0-16 | 30.09 | 364.19 | 394.28 | OK | |
r-release-macos-arm64 | 1.0-16 | 142.00 | NOTE | |||
r-release-macos-x86_64 | 1.0-16 | 188.00 | OK | |||
r-release-windows-x86_64 | 1.0-16 | 195.00 | 424.00 | 619.00 | OK | |
r-oldrel-macos-arm64 | 1.0-16 | 124.00 | NOTE | |||
r-oldrel-macos-x86_64 | 1.0-16 | 170.00 | OK | |||
r-oldrel-windows-ix86+x86_64 | 1.0-16 | 56.00 | 424.00 | 480.00 | OK |
Version: 1.0-16
Check: installed package size
Result: NOTE
installed size is 5.5Mb
sub-directories of 1Mb or more:
R 2.0Mb
doc 2.8Mb
Flavors: r-release-macos-arm64, r-oldrel-macos-arm64