CRAN Package Check Results for Package additiveDEA

Last updated on 2022-09-29 10:52:38 CEST.

Flavor Version Tinstall Tcheck Ttotal Status Flags
r-devel-linux-x86_64-debian-clang 1.1 3.47 32.76 36.23 OK
r-devel-linux-x86_64-debian-gcc 1.1 1.88 24.94 26.82 OK
r-devel-linux-x86_64-fedora-clang 1.1 56.64 NOTE
r-devel-linux-x86_64-fedora-gcc 1.1 54.19 NOTE
r-devel-windows-x86_64 1.1 10.00 60.00 70.00 OK
r-patched-linux-x86_64 1.1 2.79 31.49 34.28 OK
r-release-linux-x86_64 1.1 2.91 31.13 34.04 OK
r-release-macos-arm64 1.1 18.00 NOTE
r-release-macos-x86_64 1.1 24.00 NOTE
r-release-windows-x86_64 1.1 11.00 58.00 69.00 OK
r-oldrel-macos-arm64 1.1 22.00 NOTE
r-oldrel-macos-x86_64 1.1 32.00 NOTE
r-oldrel-windows-ix86+x86_64 1.1 6.00 54.00 60.00 OK

Check Details

Version: 1.1
Check: dependencies in R code
Result: NOTE
    Namespace in Imports field not imported from: ‘Benchmarking’
     All declared Imports should be used.
Flavors: r-devel-linux-x86_64-fedora-clang, r-devel-linux-x86_64-fedora-gcc, r-release-macos-arm64, r-release-macos-x86_64, r-oldrel-macos-arm64, r-oldrel-macos-x86_64