CRAN Package Check Results for Package addinsJoaoMelo

Last updated on 2023-01-27 11:49:21 CET.

Flavor Version Tinstall Tcheck Ttotal Status Flags
r-devel-linux-x86_64-debian-clang 0.1.0 1.97 21.32 23.29 NOTE
r-devel-linux-x86_64-debian-gcc 0.1.0 1.65 17.40 19.05 NOTE
r-devel-linux-x86_64-fedora-clang 0.1.0 32.74 NOTE
r-devel-linux-x86_64-fedora-gcc 0.1.0 29.50 NOTE
r-devel-windows-x86_64 0.1.0 18.00 55.00 73.00 NOTE
r-patched-linux-x86_64 0.1.0 2.11 22.54 24.65 NOTE
r-release-linux-x86_64 0.1.0 2.07 22.24 24.31 NOTE
r-release-macos-arm64 0.1.0 15.00 NOTE
r-release-macos-x86_64 0.1.0 21.00 NOTE
r-release-windows-x86_64 0.1.0 15.00 54.00 69.00 NOTE
r-oldrel-macos-arm64 0.1.0 19.00 NOTE
r-oldrel-macos-x86_64 0.1.0 25.00 NOTE
r-oldrel-windows-ix86+x86_64 0.1.0 6.00 47.00 53.00 NOTE

Check Details

Version: 0.1.0
Check: LazyData
Result: NOTE
     'LazyData' is specified without a 'data' directory
Flavors: r-devel-linux-x86_64-debian-clang, r-devel-linux-x86_64-debian-gcc, r-devel-linux-x86_64-fedora-clang, r-devel-linux-x86_64-fedora-gcc, r-devel-windows-x86_64, r-patched-linux-x86_64, r-release-linux-x86_64, r-release-macos-arm64, r-release-macos-x86_64, r-release-windows-x86_64, r-oldrel-macos-arm64, r-oldrel-macos-x86_64, r-oldrel-windows-ix86+x86_64