Last updated on 2024-08-31 11:49:22 CEST.
Flavor | Version | Tinstall | Tcheck | Ttotal | Status | Flags |
---|---|---|---|---|---|---|
r-devel-linux-x86_64-debian-clang | 1.0-1 | 2.38 | 45.19 | 47.57 | NOTE | |
r-devel-linux-x86_64-debian-gcc | 1.0-1 | 2.13 | 35.54 | 37.67 | NOTE | |
r-devel-linux-x86_64-fedora-clang | 1.0-1 | 76.81 | OK | |||
r-devel-linux-x86_64-fedora-gcc | 1.0-1 | 87.39 | OK | |||
r-devel-windows-x86_64 | 1.0-1 | 3.00 | 59.00 | 62.00 | NOTE | |
r-patched-linux-x86_64 | 1.0-1 | 2.83 | 44.38 | 47.21 | OK | |
r-release-linux-x86_64 | 1.0-1 | 2.19 | 43.70 | 45.89 | OK | |
r-release-macos-arm64 | 1.0-1 | 31.00 | OK | |||
r-release-macos-x86_64 | 1.0-1 | 52.00 | OK | |||
r-release-windows-x86_64 | 1.0-1 | 4.00 | 70.00 | 74.00 | OK | |
r-oldrel-macos-arm64 | 1.0-1 | 29.00 | OK | |||
r-oldrel-macos-x86_64 | 1.0-1 | 44.00 | OK | |||
r-oldrel-windows-x86_64 | 1.0-1 | 4.00 | 65.00 | 69.00 | OK |
Version: 1.0-1
Check: Rd cross-references
Result: NOTE
Found the following Rd file(s) with Rd \link{} targets missing package
anchors:
addScales.Rd: panel.text, xyplot, panel.refline
panel.addScales.Rd: panel.text, panel.refline
prepanel.trim.Rd: xyplot, prepanel.default.xyplot
update.scaledTrellis.Rd: update.trellis
Please provide package anchors for all Rd \link{} targets not in the
package itself and the base packages.
Flavors: r-devel-linux-x86_64-debian-clang, r-devel-linux-x86_64-debian-gcc, r-devel-windows-x86_64