CRAN Package Check Results for Package add2ggplot

Last updated on 2023-05-31 13:00:36 CEST.

Flavor Version Tinstall Tcheck Ttotal Status Flags
r-devel-linux-x86_64-debian-clang 0.3.0 6.07 56.17 62.24 NOTE
r-devel-linux-x86_64-debian-gcc 0.3.0 4.88 42.72 47.60 NOTE
r-devel-linux-x86_64-fedora-clang 0.3.0 78.75 NOTE
r-devel-linux-x86_64-fedora-gcc 0.3.0 93.95 NOTE
r-devel-windows-x86_64 0.3.0 7.00 65.00 72.00 NOTE
r-patched-linux-x86_64 0.3.0 6.24 52.47 58.71 NOTE
r-release-linux-x86_64 0.3.0 5.74 52.62 58.36 NOTE
r-release-macos-arm64 0.3.0 35.00 NOTE
r-release-macos-x86_64 0.3.0 53.00 NOTE
r-release-windows-x86_64 0.3.0 8.00 72.00 80.00 NOTE
r-oldrel-macos-arm64 0.3.0 27.00 NOTE
r-oldrel-macos-x86_64 0.3.0 40.00 NOTE
r-oldrel-windows-x86_64 0.3.0 9.00 74.00 83.00 NOTE

Check Details

Version: 0.3.0
Check: LazyData
Result: NOTE
     'LazyData' is specified without a 'data' directory
Flavors: r-devel-linux-x86_64-debian-clang, r-devel-linux-x86_64-debian-gcc, r-devel-linux-x86_64-fedora-clang, r-devel-linux-x86_64-fedora-gcc, r-devel-windows-x86_64, r-patched-linux-x86_64, r-release-linux-x86_64, r-release-macos-arm64, r-release-macos-x86_64, r-release-windows-x86_64, r-oldrel-macos-arm64, r-oldrel-macos-x86_64, r-oldrel-windows-x86_64