CRAN Package Check Results for Package add2ggplot

Last updated on 2022-06-30 11:53:01 CEST.

Flavor Version Tinstall Tcheck Ttotal Status Flags
r-devel-linux-x86_64-debian-clang 0.3.0 6.46 62.39 68.85 NOTE
r-devel-linux-x86_64-debian-gcc 0.3.0 4.88 47.30 52.18 NOTE
r-devel-linux-x86_64-fedora-clang 0.3.0 91.78 NOTE
r-devel-linux-x86_64-fedora-gcc 0.3.0 88.68 NOTE
r-devel-windows-x86_64 0.3.0 14.00 90.00 104.00 NOTE
r-patched-linux-x86_64 0.3.0 5.81 59.32 65.13 NOTE
r-release-linux-x86_64 0.3.0 4.02 59.03 63.05 NOTE
r-release-macos-arm64 0.3.0 27.00 NOTE
r-release-macos-x86_64 0.3.0 40.00 NOTE
r-release-windows-x86_64 0.3.0 30.00 90.00 120.00 NOTE
r-oldrel-macos-arm64 0.3.0 40.00 NOTE
r-oldrel-macos-x86_64 0.3.0 44.00 NOTE
r-oldrel-windows-ix86+x86_64 0.3.0 17.00 79.00 96.00 NOTE

Check Details

Version: 0.3.0
Check: LazyData
Result: NOTE
     'LazyData' is specified without a 'data' directory
Flavors: r-devel-linux-x86_64-debian-clang, r-devel-linux-x86_64-debian-gcc, r-devel-linux-x86_64-fedora-clang, r-devel-linux-x86_64-fedora-gcc, r-devel-windows-x86_64, r-patched-linux-x86_64, r-release-linux-x86_64, r-release-macos-arm64, r-release-macos-x86_64, r-release-windows-x86_64, r-oldrel-macos-arm64, r-oldrel-macos-x86_64, r-oldrel-windows-ix86+x86_64