Last updated on 2025-11-20 11:51:03 CET.
| Flavor | Version | Tinstall | Tcheck | Ttotal | Status | Flags |
|---|---|---|---|---|---|---|
| r-devel-linux-x86_64-debian-clang | 0.20.0 | 28.86 | 22.51 | 51.37 | OK | |
| r-devel-linux-x86_64-debian-gcc | 0.20.0 | 22.72 | 19.20 | 41.92 | OK | |
| r-devel-linux-x86_64-fedora-clang | 0.21.0 | 163.00 | -72.95 | 90.05 | OK | |
| r-devel-linux-x86_64-fedora-gcc | 0.21.0 | 192.00 | -93.75 | 98.25 | OK | |
| r-devel-windows-x86_64 | 0.20.0 | 52.00 | 69.00 | 121.00 | OK | |
| r-patched-linux-x86_64 | 0.20.0 | 33.99 | 20.43 | 54.42 | OK | |
| r-release-linux-x86_64 | 0.20.0 | 33.60 | 20.50 | 54.10 | OK | |
| r-release-macos-arm64 | 0.21.0 | 1.00 | 4.00 | 5.00 | ERROR | |
| r-release-macos-x86_64 | 0.21.0 | 33.00 | 28.00 | 61.00 | OK | |
| r-release-windows-x86_64 | 0.20.0 | 47.00 | 67.00 | 114.00 | OK | |
| r-oldrel-macos-arm64 | 0.21.0 | 1.00 | 10.00 | 11.00 | ERROR | |
| r-oldrel-macos-x86_64 | 0.21.0 | 44.00 | 47.00 | 91.00 | NOTE | |
| r-oldrel-windows-x86_64 | 0.20.0 | 45.00 | 85.00 | 130.00 | OK |
Version: 0.21.0
Check: whether package can be installed
Result: ERROR
Installation failed.
Flavors: r-release-macos-arm64, r-oldrel-macos-arm64
Version: 0.21.0
Check: installed package size
Result: NOTE
installed size is 7.7Mb
sub-directories of 1Mb or more:
libs 7.6Mb
Flavor: r-oldrel-macos-x86_64