Last updated on 2024-04-17 10:41:29 CEST.
Flavor | Version | Tinstall | Tcheck | Ttotal | Status | Flags |
---|---|---|---|---|---|---|
r-devel-linux-x86_64-debian-clang | 0.1.3 | 32.14 | 301.60 | 333.74 | OK | |
r-devel-linux-x86_64-debian-gcc | 0.1.3 | 23.96 | 230.04 | 254.00 | OK | |
r-devel-linux-x86_64-fedora-clang | 0.1.3 | 450.56 | OK | |||
r-devel-linux-x86_64-fedora-gcc | 0.1.3 | 446.62 | OK | |||
r-prerel-macos-arm64 | 0.1.3 | 122.00 | OK | |||
r-prerel-macos-x86_64 | 0.1.3 | 238.00 | OK | |||
r-prerel-windows-x86_64 | 0.1.3 | 26.00 | 222.00 | 248.00 | OK | |
r-patched-linux-x86_64 | 0.1.3 | 29.64 | 300.02 | 329.66 | OK | |
r-release-linux-x86_64 | 0.1.3 | 26.98 | 307.03 | 334.01 | OK | |
r-release-macos-arm64 | 0.1.3 | 9.00 | ERROR | |||
r-release-macos-x86_64 | 0.1.3 | 6.00 | ERROR | |||
r-release-windows-x86_64 | 0.1.3 | 36.00 | 291.00 | 327.00 | OK | |
r-oldrel-macos-arm64 | 0.1.3 | 117.00 | OK | |||
r-oldrel-windows-x86_64 | 0.1.3 | 36.00 | 288.00 | 324.00 | OK |
Version: 0.1.3
Check: package dependencies
Result: ERROR
Package required but not available: ‘phyloseq’
See section ‘The DESCRIPTION file’ in the ‘Writing R Extensions’
manual.
Flavors: r-release-macos-arm64, r-release-macos-x86_64