Last updated on 2022-07-05 11:49:47 CEST.
Flavor | Version | Tinstall | Tcheck | Ttotal | Status | Flags |
---|---|---|---|---|---|---|
r-devel-linux-x86_64-debian-clang | 1.4 | 7.30 | 70.20 | 77.50 | NOTE | |
r-devel-linux-x86_64-debian-gcc | 1.4 | 6.37 | 53.41 | 59.78 | NOTE | |
r-devel-linux-x86_64-fedora-clang | 1.4 | 101.37 | NOTE | |||
r-devel-linux-x86_64-fedora-gcc | 1.4 | 100.75 | NOTE | |||
r-devel-windows-x86_64 | 1.4 | 12.00 | 88.00 | 100.00 | OK | |
r-patched-linux-x86_64 | 1.4 | 6.36 | 66.37 | 72.73 | NOTE | |
r-release-linux-x86_64 | 1.4 | 6.73 | 66.70 | 73.43 | NOTE | |
r-release-macos-arm64 | 1.4 | 29.00 | OK | |||
r-release-macos-x86_64 | 1.4 | 43.00 | OK | |||
r-release-windows-x86_64 | 1.4 | 18.00 | 87.00 | 105.00 | OK | |
r-oldrel-macos-arm64 | 1.4 | 36.00 | OK | |||
r-oldrel-macos-x86_64 | 1.4 | 52.00 | OK | |||
r-oldrel-windows-ix86+x86_64 | 1.4 | 17.00 | 86.00 | 103.00 | OK |
Version: 1.4
Check: Rd cross-references
Result: NOTE
Unknown package 'MHadaptive' in Rd xrefs
Flavors: r-devel-linux-x86_64-debian-clang, r-devel-linux-x86_64-debian-gcc, r-devel-linux-x86_64-fedora-gcc, r-patched-linux-x86_64, r-release-linux-x86_64
Version: 1.4
Check: Rd cross-references
Result: NOTE
Undeclared packages ‘HI’, ‘MHadaptive’ in Rd xrefs
Unknown package ‘MHadaptive’ in Rd xrefs
Flavor: r-devel-linux-x86_64-fedora-clang