Last updated on 2024-04-19 11:56:38 CEST.
Flavor | Version | Tinstall | Tcheck | Ttotal | Status | Flags |
---|---|---|---|---|---|---|
r-devel-linux-x86_64-debian-clang | 1.1.0 | 9.25 | 87.54 | 96.79 | NOTE | |
r-devel-linux-x86_64-debian-gcc | 1.1.0 | NOTE | ||||
r-devel-linux-x86_64-fedora-clang | 1.1.0 | 116.14 | NOTE | |||
r-devel-linux-x86_64-fedora-gcc | 1.1.0 | 116.89 | NOTE | |||
r-prerel-macos-arm64 | 1.1.0 | 33.00 | NOTE | |||
r-prerel-windows-x86_64 | 1.1.0 | 11.00 | 114.00 | 125.00 | NOTE | |
r-patched-linux-x86_64 | 1.1.0 | 13.75 | 85.62 | 99.37 | NOTE | |
r-release-linux-x86_64 | 1.1.0 | 7.93 | 85.49 | 93.42 | OK | |
r-release-macos-arm64 | 1.1.0 | 34.00 | OK | |||
r-release-macos-x86_64 | 1.1.0 | 57.00 | OK | |||
r-release-windows-x86_64 | 1.1.0 | 13.00 | 131.00 | 144.00 | OK | |
r-oldrel-macos-arm64 | 1.1.0 | 32.00 | OK | |||
r-oldrel-windows-x86_64 | 1.1.0 | 12.00 | 128.00 | 140.00 | OK |
Version: 1.1.0
Check: Rd files
Result: NOTE
checkRd: (-1) adana.Rd:25: Lost braces; missing escapes or markup?
25 | \item{gatype}{Type of GA. \itemize{\item{"gga": generational GA} \item{"ssga": steady state GA} } {Default value is "gga"}}
| ^
checkRd: (-1) adana.Rd:26: Lost braces; missing escapes or markup?
26 | \item{objective}{Type of optimization. \itemize{\item{"min": minimization} \item{"max": maximization} } {Default value is "max"}}
| ^
checkRd: (-1) adana.Rd:34: Lost braces; missing escapes or markup?
34 | {Default value is "initbin"}}
| ^
checkRd: (-1) adana.Rd:56: Lost braces; missing escapes or markup?
56 | \itemize{\item{"integer"} \item{"real"} } {Default value is "real"}}
| ^
checkRd: (-1) adana.Rd:185: Lost braces; missing escapes or markup?
185 | {Default value is "w"}
| ^
Flavors: r-devel-linux-x86_64-debian-clang, r-devel-linux-x86_64-debian-gcc, r-devel-linux-x86_64-fedora-clang, r-devel-linux-x86_64-fedora-gcc, r-prerel-macos-arm64, r-prerel-windows-x86_64, r-patched-linux-x86_64