Last updated on 2024-04-19 11:56:38 CEST.
Flavor | Version | Tinstall | Tcheck | Ttotal | Status | Flags |
---|---|---|---|---|---|---|
r-devel-linux-x86_64-debian-clang | 1.1 | 41.43 | 31.32 | 72.75 | NOTE | |
r-devel-linux-x86_64-debian-gcc | 1.1 | NOTE | ||||
r-devel-linux-x86_64-fedora-clang | 1.1 | 100.87 | NOTE | |||
r-devel-linux-x86_64-fedora-gcc | 1.1 | 104.36 | NOTE | |||
r-prerel-macos-arm64 | 1.1 | 28.00 | NOTE | |||
r-prerel-windows-x86_64 | 1.1 | 33.00 | 90.00 | 123.00 | NOTE | |
r-patched-linux-x86_64 | 1.1 | 46.41 | 30.47 | 76.88 | NOTE | |
r-release-linux-x86_64 | 1.1 | 40.07 | 31.19 | 71.26 | NOTE | |
r-release-macos-arm64 | 1.1 | 29.00 | NOTE | |||
r-release-macos-x86_64 | 1.1 | 47.00 | NOTE | |||
r-release-windows-x86_64 | 1.1 | 35.00 | 73.00 | 108.00 | NOTE | |
r-oldrel-macos-arm64 | 1.1 | 29.00 | OK | |||
r-oldrel-windows-x86_64 | 1.1 | 38.00 | 74.00 | 112.00 | OK |
Version: 1.1
Check: C++ specification
Result: NOTE
Specified C++11: please drop specification unless essential
Flavors: r-devel-linux-x86_64-debian-clang, r-devel-linux-x86_64-debian-gcc, r-devel-linux-x86_64-fedora-clang, r-devel-linux-x86_64-fedora-gcc, r-prerel-macos-arm64, r-prerel-windows-x86_64, r-patched-linux-x86_64, r-release-linux-x86_64, r-release-macos-arm64, r-release-macos-x86_64, r-release-windows-x86_64