Last updated on 2023-02-07 11:51:58 CET.
Flavor | Version | Tinstall | Tcheck | Ttotal | Status | Flags |
---|---|---|---|---|---|---|
r-devel-linux-x86_64-debian-clang | 0.2.0 | 16.44 | 144.55 | 160.99 | OK | |
r-devel-linux-x86_64-debian-gcc | 0.2.0 | 13.34 | 106.56 | 119.90 | OK | |
r-devel-linux-x86_64-fedora-clang | 0.2.0 | 198.21 | NOTE | |||
r-devel-linux-x86_64-fedora-gcc | 0.2.0 | 185.04 | NOTE | |||
r-devel-windows-x86_64 | 0.2.0 | 21.00 | 167.00 | 188.00 | OK | |
r-patched-linux-x86_64 | 0.2.0 | 15.31 | 136.96 | 152.27 | OK | |
r-release-linux-x86_64 | 0.2.0 | 12.31 | 136.45 | 148.76 | OK | |
r-release-macos-arm64 | 0.2.0 | 52.00 | NOTE | |||
r-release-macos-x86_64 | 0.2.0 | 75.00 | NOTE | |||
r-release-windows-x86_64 | 0.2.0 | 30.00 | 174.00 | 204.00 | OK | |
r-oldrel-macos-arm64 | 0.2.0 | 51.00 | NOTE | |||
r-oldrel-macos-x86_64 | 0.2.0 | 75.00 | NOTE | |||
r-oldrel-windows-ix86+x86_64 | 0.2.0 | 36.00 | 171.00 | 207.00 | OK |
Version: 0.2.0
Check: dependencies in R code
Result: NOTE
Namespace in Imports field not imported from: ‘RColorBrewer’
All declared Imports should be used.
Flavors: r-devel-linux-x86_64-fedora-clang, r-devel-linux-x86_64-fedora-gcc, r-release-macos-arm64, r-release-macos-x86_64, r-oldrel-macos-arm64, r-oldrel-macos-x86_64