CRAN Package Check Results for Package actogrammr

Last updated on 2022-06-24 11:52:01 CEST.

Flavor Version Tinstall Tcheck Ttotal Status Flags
r-devel-linux-x86_64-debian-clang 0.2.3 5.20 134.58 139.78 NOTE
r-devel-linux-x86_64-debian-gcc 0.2.3 3.78 96.05 99.83 NOTE
r-devel-linux-x86_64-fedora-clang 0.2.3 168.94 NOTE
r-devel-linux-x86_64-fedora-gcc 0.2.3 168.88 NOTE
r-devel-windows-x86_64 0.2.3 19.00 156.00 175.00 NOTE
r-patched-linux-x86_64 0.2.3 3.47 124.18 127.65 NOTE
r-release-linux-x86_64 0.2.3 3.38 127.57 130.95 NOTE
r-release-macos-arm64 0.2.3 48.00 NOTE
r-release-macos-x86_64 0.2.3 164.00 NOTE
r-release-windows-x86_64 0.2.3 25.00 152.00 177.00 NOTE
r-oldrel-macos-arm64 0.2.3 56.00 NOTE
r-oldrel-macos-x86_64 0.2.3 125.00 NOTE
r-oldrel-windows-ix86+x86_64 0.2.3 14.00 157.00 171.00 NOTE

Check Details

Version: 0.2.3
Check: LazyData
Result: NOTE
     'LazyData' is specified without a 'data' directory
Flavors: r-devel-linux-x86_64-debian-clang, r-devel-linux-x86_64-debian-gcc, r-devel-linux-x86_64-fedora-clang, r-devel-linux-x86_64-fedora-gcc, r-devel-windows-x86_64, r-patched-linux-x86_64, r-release-linux-x86_64, r-release-macos-arm64, r-release-macos-x86_64, r-release-windows-x86_64, r-oldrel-macos-arm64, r-oldrel-macos-x86_64, r-oldrel-windows-ix86+x86_64

Version: 0.2.3
Check: package dependencies
Result: NOTE
    Package suggested but not available for checking: ‘testthat’
Flavor: r-oldrel-macos-x86_64