Last updated on 2024-04-20 11:50:04 CEST.
Flavor | Version | Tinstall | Tcheck | Ttotal | Status | Flags |
---|---|---|---|---|---|---|
r-devel-linux-x86_64-debian-clang | 2.0.2 | 23.91 | 444.78 | 468.69 | OK | |
r-devel-linux-x86_64-debian-gcc | 2.0.2 | 20.71 | 308.85 | 329.56 | OK | |
r-devel-linux-x86_64-fedora-clang | 2.0.2 | 553.33 | NOTE | |||
r-devel-linux-x86_64-fedora-gcc | 2.0.2 | 590.37 | OK | |||
r-prerel-macos-arm64 | 2.0.2 | 143.00 | OK | |||
r-prerel-windows-x86_64 | 2.0.2 | 25.00 | 311.00 | 336.00 | OK | |
r-patched-linux-x86_64 | 2.0.2 | 17.79 | 408.74 | 426.53 | OK | |
r-release-linux-x86_64 | 2.0.2 | 18.07 | 414.43 | 432.50 | OK | |
r-release-macos-arm64 | 2.0.2 | 135.00 | OK | |||
r-release-macos-x86_64 | 2.0.2 | 345.00 | OK | |||
r-release-windows-x86_64 | 2.0.2 | 29.00 | 402.00 | 431.00 | OK | |
r-oldrel-macos-arm64 | 2.0.2 | 140.00 | OK | |||
r-oldrel-windows-x86_64 | 2.0.2 | 31.00 | 382.00 | 413.00 | OK |
Version: 2.0.2
Check: package dependencies
Result: NOTE
Imports includes 25 non-default packages.
Importing from so many packages makes the package vulnerable to any of
them becoming unavailable. Move as many as possible to Suggests and
use conditionally.
Flavor: r-devel-linux-x86_64-fedora-clang