Last updated on 2024-04-19 11:56:38 CEST.
Flavor | Version | Tinstall | Tcheck | Ttotal | Status | Flags |
---|---|---|---|---|---|---|
r-devel-linux-x86_64-debian-clang | 1.0 | 159.17 | 98.71 | 257.88 | OK | |
r-devel-linux-x86_64-debian-gcc | 1.0 | OK | ||||
r-devel-linux-x86_64-fedora-clang | 1.0 | 360.35 | NOTE | |||
r-devel-linux-x86_64-fedora-gcc | 1.0 | 374.36 | OK | |||
r-prerel-macos-arm64 | 1.0 | 140.00 | NOTE | |||
r-prerel-windows-x86_64 | 1.0 | 153.00 | 78.00 | 231.00 | NOTE | |
r-patched-linux-x86_64 | 1.0 | 162.00 | 94.13 | 256.13 | OK | |
r-release-linux-x86_64 | 1.0 | 160.95 | 96.97 | 257.92 | OK | |
r-release-macos-arm64 | 1.0 | 158.00 | NOTE | |||
r-release-macos-x86_64 | 1.0 | 224.00 | NOTE | |||
r-release-windows-x86_64 | 1.0 | 140.00 | 91.00 | 231.00 | NOTE | |
r-oldrel-macos-arm64 | 1.0 | 162.00 | NOTE | |||
r-oldrel-windows-x86_64 | 1.0 | 188.00 | 110.00 | 298.00 | NOTE |
Version: 1.0
Check: installed package size
Result: NOTE
installed size is 13.7Mb
sub-directories of 1Mb or more:
R 13.6Mb
Flavors: r-devel-linux-x86_64-fedora-clang, r-prerel-macos-arm64, r-prerel-windows-x86_64, r-release-macos-arm64, r-release-macos-x86_64, r-release-windows-x86_64, r-oldrel-macos-arm64, r-oldrel-windows-x86_64