CRAN Package Check Results for Package acs

Last updated on 2023-12-01 10:53:27 CET.

Flavor Version Tinstall Tcheck Ttotal Status Flags
r-devel-linux-x86_64-debian-clang 2.1.4 10.96 63.08 74.04 OK
r-devel-linux-x86_64-debian-gcc 2.1.4 8.61 47.02 55.63 OK
r-devel-linux-x86_64-fedora-clang 2.1.4 95.38 NOTE
r-devel-linux-x86_64-fedora-gcc 2.1.4 96.64 NOTE
r-devel-windows-x86_64 2.1.4 10.00 70.00 80.00 OK
r-patched-linux-x86_64 2.1.4 10.84 60.76 71.60 OK
r-release-linux-x86_64 2.1.4 9.84 61.25 71.09 OK
r-release-macos-arm64 2.1.4 33.00 OK
r-release-macos-x86_64 2.1.4 50.00 OK
r-release-windows-x86_64 2.1.4 14.00 79.00 93.00 OK
r-oldrel-macos-arm64 2.1.4 28.00 OK
r-oldrel-macos-x86_64 2.1.4 37.00 OK
r-oldrel-windows-x86_64 2.1.4 16.00 83.00 99.00 OK

Check Details

Version: 2.1.4
Check: top-level files
Result: NOTE ‘configure’: /bin/bash is not portable Flavors: r-devel-linux-x86_64-fedora-clang, r-devel-linux-x86_64-fedora-gcc