Last updated on 2023-11-28 13:50:46 CET.
Flavor | Version | Tinstall | Tcheck | Ttotal | Status | Flags |
---|---|---|---|---|---|---|
r-devel-linux-x86_64-debian-clang | 1.0.0 | 8.00 | 71.04 | 79.04 | OK | |
r-devel-linux-x86_64-debian-gcc | 1.0.0 | 4.84 | 51.35 | 56.19 | OK | |
r-devel-linux-x86_64-fedora-clang | 1.0.0 | 96.33 | OK | |||
r-devel-linux-x86_64-fedora-gcc | 1.0.0 | 90.72 | OK | |||
r-devel-windows-x86_64 | 1.0.0 | 7.00 | 79.00 | 86.00 | OK | |
r-patched-linux-x86_64 | 1.0.0 | 6.14 | 65.84 | 71.98 | OK | |
r-release-linux-x86_64 | 1.0.0 | 5.93 | 66.03 | 71.96 | OK | |
r-release-macos-arm64 | 1.0.0 | 40.00 | OK | |||
r-release-macos-x86_64 | 1.0.0 | 53.00 | OK | |||
r-release-windows-x86_64 | 1.0.0 | 10.00 | 87.00 | 97.00 | OK | |
r-oldrel-macos-arm64 | 1.0.0 | 38.00 | OK | |||
r-oldrel-macos-x86_64 | 1.0.0 | 53.00 | NOTE | |||
r-oldrel-windows-x86_64 | 1.0.0 | 10.00 | 90.00 | 100.00 | OK |
Version: 1.0.0
Check: package dependencies
Result: NOTE
Package suggested but not available for checking: ‘testthat’
Flavor: r-oldrel-macos-x86_64