Last updated on 2024-04-22 12:55:31 CEST.
Flavor | Version | Tinstall | Tcheck | Ttotal | Status | Flags |
---|---|---|---|---|---|---|
r-devel-linux-x86_64-debian-clang | 0.3.1 | 5.89 | 94.01 | 99.90 | NOTE | |
r-devel-linux-x86_64-debian-gcc | 0.3.1 | 4.57 | 68.52 | 73.09 | NOTE | |
r-devel-linux-x86_64-fedora-clang | 0.3.1 | 122.78 | NOTE | |||
r-devel-linux-x86_64-fedora-gcc | 0.3.1 | 130.27 | NOTE | |||
r-prerel-macos-arm64 | 0.3.1 | 49.00 | NOTE | |||
r-prerel-windows-x86_64 | 0.3.1 | 8.00 | 99.00 | 107.00 | NOTE | |
r-patched-linux-x86_64 | 0.3.1 | 5.31 | 88.53 | 93.84 | NOTE | |
r-release-linux-x86_64 | 0.3.1 | 3.84 | 87.39 | 91.23 | OK | |
r-release-macos-arm64 | 0.3.1 | 53.00 | OK | |||
r-release-macos-x86_64 | 0.3.1 | 77.00 | OK | |||
r-release-windows-x86_64 | 0.3.1 | 8.00 | 111.00 | 119.00 | OK | |
r-oldrel-macos-arm64 | 0.3.1 | 30.00 | OK | |||
r-oldrel-windows-x86_64 | 0.3.1 | 9.00 | 104.00 | 113.00 | OK |
Version: 0.3.1
Check: Rd files
Result: NOTE
checkRd: (-1) bind_tweets.Rd:21: Lost braces in \itemize; meant \describe ?
checkRd: (-1) bind_tweets.Rd:22: Lost braces in \itemize; meant \describe ?
Flavors: r-devel-linux-x86_64-debian-clang, r-devel-linux-x86_64-debian-gcc, r-devel-linux-x86_64-fedora-clang, r-devel-linux-x86_64-fedora-gcc, r-prerel-macos-arm64, r-prerel-windows-x86_64, r-patched-linux-x86_64