Last updated on 2025-05-12 13:50:06 CEST.
Flavor | Version | Tinstall | Tcheck | Ttotal | Status | Flags |
---|---|---|---|---|---|---|
r-devel-linux-x86_64-debian-clang | 3.1.2.1 | 4.00 | 28.36 | 32.36 | NOTE | |
r-devel-linux-x86_64-debian-gcc | 3.1.2.1 | 2.79 | 20.23 | 23.02 | NOTE | |
r-devel-linux-x86_64-fedora-clang | 3.1.2.1 | 50.26 | OK | |||
r-devel-linux-x86_64-fedora-gcc | 3.1.2.1 | 48.89 | OK | |||
r-devel-windows-x86_64 | 3.1.2.1 | 5.00 | 46.00 | 51.00 | OK | |
r-patched-linux-x86_64 | 3.1.2.1 | 4.08 | 26.94 | 31.02 | OK | |
r-release-linux-x86_64 | 3.1.2.1 | 3.83 | 26.72 | 30.55 | OK | |
r-release-macos-arm64 | 3.1.2.1 | 17.00 | OK | |||
r-release-macos-x86_64 | 3.1.2.1 | 31.00 | OK | |||
r-release-windows-x86_64 | 3.1.2.1 | 4.00 | 51.00 | 55.00 | OK | |
r-oldrel-macos-arm64 | 3.1.2.1 | 22.00 | OK | |||
r-oldrel-macos-x86_64 | 3.1.2.1 | 25.00 | OK | |||
r-oldrel-windows-x86_64 | 3.1.2.1 | 5.00 | 45.00 | 50.00 | OK |
Version: 3.1.2.1
Check: CRAN incoming feasibility
Result: NOTE
Maintainer: ‘Debin Qiu <debinqiu@uga.edu>’
No Authors@R field in DESCRIPTION.
Please add one, modifying
Authors@R: person(given = "Debin",
family = "Qiu",
role = c("aut", "cre"),
email = "debinqiu@uga.edu")
as necessary.
Flavors: r-devel-linux-x86_64-debian-clang, r-devel-linux-x86_64-debian-gcc