Last updated on 2024-04-17 10:41:55 CEST.
Flavor | Version | Tinstall | Tcheck | Ttotal | Status | Flags |
---|---|---|---|---|---|---|
r-devel-linux-x86_64-debian-clang | 2.1.2 | 124.74 | 108.45 | 233.19 | OK | |
r-devel-linux-x86_64-debian-gcc | 2.1.2 | 103.90 | 79.70 | 183.60 | OK | |
r-devel-linux-x86_64-fedora-clang | 2.1.2 | 309.50 | OK | |||
r-devel-linux-x86_64-fedora-gcc | 2.1.2 | 322.74 | OK | |||
r-prerel-macos-arm64 | 2.1.2 | 72.00 | NOTE | |||
r-prerel-windows-x86_64 | 2.1.2 | 94.00 | 113.00 | 207.00 | OK | |
r-patched-linux-x86_64 | 2.1.2 | 131.99 | 103.26 | 235.25 | OK | |
r-release-linux-x86_64 | 2.1.2 | 121.86 | 105.11 | 226.97 | OK | |
r-release-macos-arm64 | 2.1.2 | 89.00 | NOTE | |||
r-release-macos-x86_64 | 2.1.2 | 143.00 | NOTE | |||
r-release-windows-x86_64 | 2.1.2 | 119.00 | 141.00 | 260.00 | OK | |
r-oldrel-macos-arm64 | 2.1.2 | 93.00 | NOTE | |||
r-oldrel-windows-x86_64 | 2.1.2 | 112.00 | 132.00 | 244.00 | OK |
Version: 2.1.2
Check: installed package size
Result: NOTE
installed size is 10.2Mb
sub-directories of 1Mb or more:
libs 9.9Mb
Flavors: r-prerel-macos-arm64, r-release-macos-arm64, r-release-macos-x86_64, r-oldrel-macos-arm64
Version: 2.1.2
Check: package dependencies
Result: NOTE
Package suggested but not available for checking: ‘partitions’
Flavor: r-release-macos-x86_64