Last updated on 2023-11-27 11:54:47 CET.
Flavor | Version | Tinstall | Tcheck | Ttotal | Status | Flags |
---|---|---|---|---|---|---|
r-devel-linux-x86_64-debian-clang | 1.2 | 7.59 | 66.21 | 73.80 | NOTE | |
r-devel-linux-x86_64-debian-gcc | 1.2 | 5.30 | 54.00 | 59.30 | NOTE | |
r-devel-linux-x86_64-fedora-clang | 1.2 | 95.16 | NOTE | |||
r-devel-linux-x86_64-fedora-gcc | 1.2 | 89.09 | NOTE | |||
r-devel-windows-x86_64 | 1.2 | 8.00 | 73.00 | 81.00 | NOTE | |
r-patched-linux-x86_64 | 1.2 | 6.51 | 65.44 | 71.95 | OK | |
r-release-linux-x86_64 | 1.2 | 7.68 | 64.78 | 72.46 | OK | |
r-release-macos-arm64 | 1.2 | 32.00 | OK | |||
r-release-macos-x86_64 | 1.2 | 51.00 | OK | |||
r-release-windows-x86_64 | 1.2 | 9.00 | 80.00 | 89.00 | OK | |
r-oldrel-macos-arm64 | 1.2 | 31.00 | OK | |||
r-oldrel-macos-x86_64 | 1.2 | 44.00 | OK | |||
r-oldrel-windows-x86_64 | 1.2 | 9.00 | 84.00 | 93.00 | OK |
Version: 1.2
Check: Rd contents
Result: NOTE
Auto-generated content requiring editing in Rd file 'ZIBseq-package.Rd':
\seealso: ‘~~ Optional links to other man pages, e.g. ~~ ~~ \code{\link...’
Flavors: r-devel-linux-x86_64-debian-clang, r-devel-linux-x86_64-debian-gcc, r-devel-linux-x86_64-fedora-clang, r-devel-linux-x86_64-fedora-gcc, r-devel-windows-x86_64