Last updated on 2024-04-23 10:54:22 CEST.
Flavor | Version | Tinstall | Tcheck | Ttotal | Status | Flags |
---|---|---|---|---|---|---|
r-devel-linux-x86_64-debian-clang | 0.1.6 | 5.93 | 75.58 | 81.51 | NOTE | |
r-devel-linux-x86_64-debian-gcc | 0.1.6 | 5.24 | 56.22 | 61.46 | NOTE | |
r-devel-linux-x86_64-fedora-clang | 0.1.6 | 104.06 | NOTE | |||
r-devel-linux-x86_64-fedora-gcc | 0.1.6 | 99.20 | NOTE | |||
r-prerel-macos-arm64 | 0.1.6 | 42.00 | NOTE | |||
r-prerel-windows-x86_64 | 0.1.6 | 9.00 | 95.00 | 104.00 | NOTE | |
r-patched-linux-x86_64 | 0.1.6 | 6.39 | 73.95 | 80.34 | NOTE | |
r-release-linux-x86_64 | 0.1.6 | 6.58 | 72.84 | 79.42 | NOTE | |
r-release-macos-arm64 | 0.1.6 | 35.00 | NOTE | |||
r-release-macos-x86_64 | 0.1.6 | 54.00 | NOTE | |||
r-release-windows-x86_64 | 0.1.6 | 10.00 | 110.00 | 120.00 | NOTE | |
r-oldrel-macos-arm64 | 0.1.6 | 29.00 | NOTE | |||
r-oldrel-windows-x86_64 | 0.1.6 | 10.00 | 100.00 | 110.00 | NOTE |
Version: 0.1.6
Check: LazyData
Result: NOTE
'LazyData' is specified without a 'data' directory
Flavors: r-devel-linux-x86_64-debian-clang, r-devel-linux-x86_64-debian-gcc, r-devel-linux-x86_64-fedora-clang, r-devel-linux-x86_64-fedora-gcc, r-prerel-macos-arm64, r-prerel-windows-x86_64, r-patched-linux-x86_64, r-release-linux-x86_64, r-release-macos-arm64, r-release-macos-x86_64, r-release-windows-x86_64, r-oldrel-macos-arm64, r-oldrel-windows-x86_64