Last updated on 2024-04-17 10:41:55 CEST.
Flavor | Version | Tinstall | Tcheck | Ttotal | Status | Flags |
---|---|---|---|---|---|---|
r-devel-linux-x86_64-debian-clang | 1.0.8 | 14.76 | 189.53 | 204.29 | OK | |
r-devel-linux-x86_64-debian-gcc | 1.0.8 | 10.52 | 139.74 | 150.26 | OK | |
r-devel-linux-x86_64-fedora-clang | 1.0.8 | 233.88 | NOTE | |||
r-devel-linux-x86_64-fedora-gcc | 1.0.8 | 231.72 | OK | |||
r-prerel-macos-arm64 | 1.0.8 | 85.00 | NOTE | |||
r-prerel-macos-x86_64 | 1.0.8 | 242.00 | NOTE | |||
r-prerel-windows-x86_64 | 1.0.8 | 22.00 | 234.00 | 256.00 | NOTE | |
r-patched-linux-x86_64 | 1.0.8 | 17.30 | 185.20 | 202.50 | OK | |
r-release-linux-x86_64 | 1.0.8 | 13.37 | 185.33 | 198.70 | OK | |
r-release-macos-arm64 | 1.0.8 | 111.00 | NOTE | |||
r-release-macos-x86_64 | 1.0.8 | 212.00 | NOTE | |||
r-release-windows-x86_64 | 1.0.8 | 23.00 | 263.00 | 286.00 | NOTE | |
r-oldrel-macos-arm64 | 1.0.8 | 102.00 | NOTE | |||
r-oldrel-windows-x86_64 | 1.0.8 | 27.00 | 254.00 | 281.00 | NOTE |
Version: 1.0.8
Check: installed package size
Result: NOTE
installed size is 28.0Mb
sub-directories of 1Mb or more:
java 25.4Mb
Flavors: r-devel-linux-x86_64-fedora-clang, r-prerel-macos-arm64, r-prerel-macos-x86_64, r-prerel-windows-x86_64, r-release-macos-arm64, r-release-macos-x86_64, r-release-windows-x86_64, r-oldrel-macos-arm64, r-oldrel-windows-x86_64