CRAN Package Check Results for Package XICOR

Last updated on 2025-05-07 11:55:46 CEST.

Flavor Version Tinstall Tcheck Ttotal Status Flags
r-devel-linux-x86_64-debian-clang 0.4.1 2.16 25.19 27.35 NOTE
r-devel-linux-x86_64-debian-gcc 0.4.1 1.62 19.30 20.92 NOTE
r-devel-linux-x86_64-fedora-clang 0.4.1 42.33 OK
r-devel-linux-x86_64-fedora-gcc 0.4.1 41.27 OK
r-devel-windows-x86_64 0.4.1 3.00 47.00 50.00 OK
r-patched-linux-x86_64 0.4.1 2.53 24.35 26.88 OK
r-release-linux-x86_64 0.4.1 2.02 23.99 26.01 OK
r-release-macos-arm64 0.4.1 19.00 OK
r-release-macos-x86_64 0.4.1 30.00 OK
r-release-windows-x86_64 0.4.1 3.00 46.00 49.00 OK
r-oldrel-macos-arm64 0.4.1 18.00 OK
r-oldrel-macos-x86_64 0.4.1 24.00 OK
r-oldrel-windows-x86_64 0.4.1 4.00 51.00 55.00 OK

Check Details

Version: 0.4.1
Check: CRAN incoming feasibility
Result: NOTE Maintainer: ‘Susan Holmes <sp.holmes@gmail.com>’ No Authors@R field in DESCRIPTION. Please add one, modifying Authors@R: c(person(given = "Susan", family = "Holmes", role = c("aut", "cre"), email = "sp.holmes@gmail.com"), person(given = "Sourav", family = "Chatterjee", role = "aut")) as necessary. The Description field contains Chatterjee, Sourav (2020) <arXiv:1909.10140> This package includes the Please refer to arXiv e-prints via their arXiv DOI <doi:10.48550/arXiv.YYMM.NNNNN>. Flavors: r-devel-linux-x86_64-debian-clang, r-devel-linux-x86_64-debian-gcc