Last updated on 2024-04-27 10:51:18 CEST.
Flavor | Version | Tinstall | Tcheck | Ttotal | Status | Flags |
---|---|---|---|---|---|---|
r-devel-linux-x86_64-debian-clang | 0.2.1 | 446.35 | 480.37 | 926.72 | OK | |
r-devel-linux-x86_64-debian-gcc | 0.2.1 | 350.38 | 324.02 | 674.40 | OK | |
r-devel-linux-x86_64-fedora-clang | 0.2.1 | 1262.98 | OK | |||
r-devel-linux-x86_64-fedora-gcc | 0.2.1 | 1265.04 | OK | |||
r-devel-windows-x86_64 | 0.2.1 | 328.00 | 331.00 | 659.00 | OK | |
r-patched-linux-x86_64 | 0.2.1 | 309.25 | 453.48 | 762.73 | OK | |
r-release-linux-x86_64 | 0.2.1 | 337.40 | 446.25 | 783.65 | OK | |
r-release-macos-arm64 | 0.2.1 | 238.00 | NOTE | |||
r-release-macos-x86_64 | 0.2.1 | 559.00 | NOTE | |||
r-release-windows-x86_64 | 0.2.1 | 319.00 | 329.00 | 648.00 | OK | |
r-oldrel-macos-arm64 | 0.2.1 | 243.00 | NOTE | |||
r-oldrel-macos-x86_64 | 0.2.1 | 492.00 | NOTE | |||
r-oldrel-windows-x86_64 | 0.2.1 | 404.00 | 428.00 | 832.00 | OK |
Version: 0.2.1
Check: installed package size
Result: NOTE
installed size is 58.1Mb
sub-directories of 1Mb or more:
libs 57.2Mb
Flavors: r-release-macos-arm64, r-release-macos-x86_64, r-oldrel-macos-arm64, r-oldrel-macos-x86_64