CRAN Package Check Results for Package WorldFlora

Last updated on 2022-06-24 11:52:24 CEST.

Flavor Version Tinstall Tcheck Ttotal Status Flags
r-devel-linux-x86_64-debian-clang 1.10 4.14 29.77 33.91 OK
r-devel-linux-x86_64-debian-gcc 1.10 2.97 23.03 26.00 OK
r-devel-linux-x86_64-fedora-clang 1.10 51.06 NOTE
r-devel-linux-x86_64-fedora-gcc 1.10 49.40 NOTE
r-devel-windows-x86_64 1.10 20.00 55.00 75.00 OK
r-patched-linux-x86_64 1.10 3.03 27.98 31.01 OK
r-release-linux-x86_64 1.10 3.09 28.44 31.53 OK
r-release-macos-arm64 1.10 17.00 NOTE
r-release-macos-x86_64 1.10 24.00 NOTE
r-release-windows-x86_64 1.10 13.00 53.00 66.00 OK
r-oldrel-macos-arm64 1.10 17.00 NOTE
r-oldrel-macos-x86_64 1.10 27.00 NOTE
r-oldrel-windows-ix86+x86_64 1.10 7.00 47.00 54.00 OK

Check Details

Version: 1.10
Check: data for non-ASCII characters
Result: NOTE
     Note: found 2 marked UTF-8 strings
Flavors: r-devel-linux-x86_64-fedora-clang, r-devel-linux-x86_64-fedora-gcc, r-release-macos-arm64, r-release-macos-x86_64, r-oldrel-macos-arm64, r-oldrel-macos-x86_64