CRAN Package Check Results for Package WoodburyMatrix

Last updated on 2022-07-05 11:50:08 CEST.

Flavor Version Tinstall Tcheck Ttotal Status Flags
r-devel-linux-x86_64-debian-clang 0.0.1 8.52 87.28 95.80 NOTE
r-devel-linux-x86_64-debian-gcc 0.0.1 7.51 66.03 73.54 NOTE
r-devel-linux-x86_64-fedora-clang 0.0.1 124.38 NOTE
r-devel-linux-x86_64-fedora-gcc 0.0.1 123.44 NOTE
r-devel-windows-x86_64 0.0.1 37.00 110.00 147.00 NOTE
r-patched-linux-x86_64 0.0.1 9.80 82.28 92.08 NOTE
r-release-linux-x86_64 0.0.1 9.39 83.94 93.33 NOTE
r-release-macos-arm64 0.0.1 40.00 NOTE
r-release-macos-x86_64 0.0.1 51.00 NOTE
r-release-windows-x86_64 0.0.1 39.00 114.00 153.00 NOTE
r-oldrel-macos-arm64 0.0.1 47.00 NOTE
r-oldrel-macos-x86_64 0.0.1 82.00 NOTE
r-oldrel-windows-ix86+x86_64 0.0.1 18.00 103.00 121.00 NOTE

Check Details

Version: 0.0.1
Check: LazyData
Result: NOTE
     'LazyData' is specified without a 'data' directory
Flavors: r-devel-linux-x86_64-debian-clang, r-devel-linux-x86_64-debian-gcc, r-devel-linux-x86_64-fedora-clang, r-devel-linux-x86_64-fedora-gcc, r-devel-windows-x86_64, r-patched-linux-x86_64, r-release-linux-x86_64, r-release-macos-arm64, r-release-macos-x86_64, r-release-windows-x86_64, r-oldrel-macos-arm64, r-oldrel-macos-x86_64, r-oldrel-windows-ix86+x86_64