Last updated on 2025-05-06 12:49:53 CEST.
Flavor | Version | Tinstall | Tcheck | Ttotal | Status | Flags |
---|---|---|---|---|---|---|
r-devel-linux-x86_64-debian-clang | 1.0.4 | 17.33 | 251.79 | 269.12 | NOTE | |
r-devel-linux-x86_64-debian-gcc | 1.0.4 | 12.58 | 173.25 | 185.83 | NOTE | |
r-devel-linux-x86_64-fedora-clang | 1.0.4 | 411.58 | NOTE | |||
r-devel-linux-x86_64-fedora-gcc | 1.0.4 | 404.35 | NOTE | |||
r-devel-windows-x86_64 | 1.0.4 | 19.00 | 243.00 | 262.00 | NOTE | |
r-patched-linux-x86_64 | 1.0.4 | 16.93 | 239.59 | 256.52 | NOTE | |
r-release-linux-x86_64 | 1.0.4 | 15.90 | 237.63 | 253.53 | NOTE | |
r-release-macos-arm64 | 1.0.4 | 137.00 | NOTE | |||
r-release-macos-x86_64 | 1.0.4 | 332.00 | NOTE | |||
r-release-windows-x86_64 | 1.0.4 | 21.00 | 243.00 | 264.00 | NOTE | |
r-oldrel-macos-arm64 | 1.0.4 | 143.00 | OK | |||
r-oldrel-macos-x86_64 | 1.0.4 | 225.00 | OK | |||
r-oldrel-windows-x86_64 | 1.0.4 | 25.00 | 310.00 | 335.00 | OK |
Version: 1.0.4
Check: CRAN incoming feasibility
Result: NOTE
Maintainer: ‘Julian Kohne <julian.kohne@gesis.org>’
No Authors@R field in DESCRIPTION.
Please add one, modifying
Authors@R: person(given = "Julian",
family = "Kohne",
role = c("aut", "cre"),
email = "julian.kohne@gesis.org")
as necessary.
Flavors: r-devel-linux-x86_64-debian-clang, r-devel-linux-x86_64-debian-gcc
Version: 1.0.4
Check: DESCRIPTION meta-information
Result: NOTE
Missing dependency on R >= 4.1.0 because package code uses the pipe
|> or function shorthand \(...) syntax added in R 4.1.0.
File(s) using such syntax:
‘plot_network.R’
Flavors: r-devel-linux-x86_64-debian-clang, r-devel-linux-x86_64-debian-gcc, r-devel-linux-x86_64-fedora-clang, r-devel-linux-x86_64-fedora-gcc, r-devel-windows-x86_64, r-patched-linux-x86_64, r-release-linux-x86_64, r-release-macos-arm64, r-release-macos-x86_64, r-release-windows-x86_64