CRAN Package Check Results for Package WhatIf

Last updated on 2022-11-26 11:09:43 CET.

Flavor Version Tinstall Tcheck Ttotal Status Flags
r-devel-linux-x86_64-debian-clang 1.5-10 2.82 30.44 33.26 NOTE
r-devel-linux-x86_64-debian-gcc 1.5-10 1.82 23.65 25.47 NOTE
r-devel-linux-x86_64-fedora-clang 1.5-10 52.50 NOTE
r-devel-windows-x86_64 1.5-10 13.00 60.00 73.00 NOTE
r-patched-linux-x86_64 1.5-10 OK
r-release-linux-x86_64 1.5-10 2.57 28.04 30.61 OK
r-release-macos-arm64 1.5-10 20.00 OK
r-release-macos-x86_64 1.5-10 30.00 OK
r-release-windows-x86_64 1.5-10 14.00 59.00 73.00 OK
r-oldrel-macos-arm64 1.5-10 27.00 OK
r-oldrel-macos-x86_64 1.5-10 38.00 OK
r-oldrel-windows-ix86+x86_64 1.5-10 6.00 53.00 59.00 OK

Check Details

Version: 1.5-10
Check: package subdirectories
Result: NOTE
    Problems with news in 'NEWS.md':
     Cannot extract version info from the following section titles:
     Major changes
     Minor changes
Flavors: r-devel-linux-x86_64-debian-clang, r-devel-linux-x86_64-debian-gcc, r-devel-linux-x86_64-fedora-clang, r-devel-windows-x86_64