Last updated on 2022-06-26 11:52:49 CEST.
Flavor | Version | Tinstall | Tcheck | Ttotal | Status | Flags |
---|---|---|---|---|---|---|
r-devel-linux-x86_64-debian-clang | 1.6-0 | 24.91 | 255.25 | 280.16 | OK | |
r-devel-linux-x86_64-debian-gcc | 1.6-0 | 17.57 | 191.34 | 208.91 | OK | |
r-devel-linux-x86_64-fedora-clang | 1.6-0 | 369.57 | WARN | |||
r-devel-linux-x86_64-fedora-gcc | 1.6-0 | 346.67 | WARN | |||
r-devel-windows-x86_64 | 1.6-0 | 98.00 | 363.00 | 461.00 | OK | |
r-patched-linux-x86_64 | 1.6-0 | 28.36 | 242.97 | 271.33 | OK | |
r-release-linux-x86_64 | 1.6-0 | 20.92 | 244.28 | 265.20 | OK | |
r-release-macos-arm64 | 1.6-0 | 124.00 | OK | |||
r-release-macos-x86_64 | 1.6-0 | 190.00 | OK | |||
r-release-windows-x86_64 | 1.6-0 | 90.00 | 359.00 | 449.00 | OK | |
r-oldrel-macos-arm64 | 1.6-0 | 140.00 | OK | |||
r-oldrel-macos-x86_64 | 1.6-0 | 153.00 | OK | |||
r-oldrel-windows-ix86+x86_64 | 1.6-0 | 55.00 | 409.00 | 464.00 | OK |
Version: 1.6-0
Check: package dependencies
Result: WARN
Requires (indirectly) orphaned package: ‘gtools’
Flavors: r-devel-linux-x86_64-fedora-clang, r-devel-linux-x86_64-fedora-gcc