Last updated on 2022-07-04 12:54:25 CEST.
Flavor | Version | Tinstall | Tcheck | Ttotal | Status | Flags |
---|---|---|---|---|---|---|
r-devel-linux-x86_64-debian-clang | 1.0.0 | 6.57 | 68.98 | 75.55 | NOTE | |
r-devel-linux-x86_64-debian-gcc | 1.0.0 | 6.61 | 54.09 | 60.70 | NOTE | |
r-devel-linux-x86_64-fedora-clang | 1.0.0 | 105.61 | NOTE | |||
r-devel-linux-x86_64-fedora-gcc | 1.0.0 | 103.76 | NOTE | |||
r-devel-windows-x86_64 | 1.0.0 | 13.00 | 92.00 | 105.00 | NOTE | |
r-patched-linux-x86_64 | 1.0.0 | 7.14 | 67.74 | 74.88 | NOTE | |
r-release-linux-x86_64 | 1.0.0 | 8.05 | 66.89 | 74.94 | NOTE | |
r-release-macos-arm64 | 1.0.0 | 33.00 | NOTE | |||
r-release-macos-x86_64 | 1.0.0 | 43.00 | NOTE | |||
r-release-windows-x86_64 | 1.0.0 | 14.00 | 96.00 | 110.00 | NOTE | |
r-oldrel-macos-arm64 | 1.0.0 | 40.00 | NOTE | |||
r-oldrel-macos-x86_64 | 1.0.0 | 60.00 | NOTE | |||
r-oldrel-windows-ix86+x86_64 | 1.0.0 | 22.00 | 114.00 | 136.00 | NOTE |
Version: 1.0.0
Check: LazyData
Result: NOTE
'LazyData' is specified without a 'data' directory
Flavors: r-devel-linux-x86_64-debian-clang, r-devel-linux-x86_64-debian-gcc, r-devel-linux-x86_64-fedora-clang, r-devel-linux-x86_64-fedora-gcc, r-devel-windows-x86_64, r-patched-linux-x86_64, r-release-linux-x86_64, r-release-macos-arm64, r-release-macos-x86_64, r-release-windows-x86_64, r-oldrel-macos-arm64, r-oldrel-macos-x86_64, r-oldrel-windows-ix86+x86_64