CRAN Package Check Results for Package VoxR

Last updated on 2024-04-21 12:54:17 CEST.

Flavor Version Tinstall Tcheck Ttotal Status Flags
r-devel-linux-x86_64-debian-clang 1.0.0 3.49 80.77 84.26 NOTE
r-devel-linux-x86_64-debian-gcc 1.0.0 3.30 67.34 70.64 NOTE
r-devel-linux-x86_64-fedora-clang 1.0.0 115.53 NOTE
r-devel-linux-x86_64-fedora-gcc 1.0.0 105.93 NOTE
r-prerel-macos-arm64 1.0.0 28.00 NOTE
r-prerel-windows-x86_64 1.0.0 7.00 85.00 92.00 NOTE
r-patched-linux-x86_64 1.0.0 4.58 88.20 92.78 NOTE
r-release-linux-x86_64 1.0.0 4.18 93.01 97.19 NOTE
r-release-macos-arm64 1.0.0 32.00 NOTE
r-release-macos-x86_64 1.0.0 53.00 NOTE
r-release-windows-x86_64 1.0.0 8.00 92.00 100.00 NOTE
r-oldrel-macos-arm64 1.0.0 28.00 NOTE
r-oldrel-windows-x86_64 1.0.0 8.00 93.00 101.00 NOTE

Check Details

Version: 1.0.0
Check: LazyData
Result: NOTE 'LazyData' is specified without a 'data' directory Flavors: r-devel-linux-x86_64-debian-clang, r-devel-linux-x86_64-debian-gcc, r-devel-linux-x86_64-fedora-clang, r-devel-linux-x86_64-fedora-gcc, r-prerel-macos-arm64, r-prerel-windows-x86_64, r-patched-linux-x86_64, r-release-linux-x86_64, r-release-macos-arm64, r-release-macos-x86_64, r-release-windows-x86_64, r-oldrel-macos-arm64, r-oldrel-windows-x86_64