Last updated on 2025-04-29 12:52:53 CEST.
Flavor | Version | Tinstall | Tcheck | Ttotal | Status | Flags |
---|---|---|---|---|---|---|
r-devel-linux-x86_64-debian-clang | 1.0.0 | 1.56 | 16.39 | 17.95 | NOTE | |
r-devel-linux-x86_64-debian-gcc | 1.0.0 | 1.34 | 13.65 | 14.99 | NOTE | |
r-devel-linux-x86_64-fedora-clang | 1.0.0 | 29.07 | OK | |||
r-devel-linux-x86_64-fedora-gcc | 1.0.0 | 26.87 | OK | |||
r-devel-windows-x86_64 | 1.0.0 | 2.00 | 34.00 | 36.00 | OK | |
r-patched-linux-x86_64 | 1.0.0 | 1.63 | 15.85 | 17.48 | OK | |
r-release-linux-x86_64 | 1.0.0 | 1.54 | 15.47 | 17.01 | OK | |
r-release-macos-arm64 | 1.0.0 | 13.00 | OK | |||
r-release-macos-x86_64 | 1.0.0 | 20.00 | OK | |||
r-release-windows-x86_64 | 1.0.0 | 3.00 | 36.00 | 39.00 | OK | |
r-oldrel-macos-arm64 | 1.0.0 | 12.00 | OK | |||
r-oldrel-macos-x86_64 | 1.0.0 | 18.00 | OK | |||
r-oldrel-windows-x86_64 | 1.0.0 | 3.00 | 34.00 | 37.00 | OK |
Version: 1.0.0
Check: CRAN incoming feasibility
Result: NOTE
Maintainer: ‘Wenlin Dai <wenlin.dai@kaust.edu.sa>’
No Authors@R field in DESCRIPTION.
Please add one, modifying
Authors@R: c(person(given = "Wenlin",
family = "Dai",
role = c("aut", "cre"),
email = "wenlin.dai@kaust.edu.sa"),
person(given = "Tiejun",
family = "Tong.",
role = "aut",
email = "tongt@hkbu.edu.sa"))
as necessary.
Flavors: r-devel-linux-x86_64-debian-clang, r-devel-linux-x86_64-debian-gcc