Last updated on 2024-04-23 10:54:21 CEST.
Flavor | Version | Tinstall | Tcheck | Ttotal | Status | Flags |
---|---|---|---|---|---|---|
r-devel-linux-x86_64-debian-clang | 1.0 | 103.14 | 33.01 | 136.15 | NOTE | |
r-devel-linux-x86_64-debian-gcc | 1.0 | 68.40 | 25.02 | 93.42 | NOTE | |
r-devel-linux-x86_64-fedora-clang | 1.0 | 198.70 | NOTE | |||
r-devel-linux-x86_64-fedora-gcc | 1.0 | 182.99 | NOTE | |||
r-prerel-macos-arm64 | 1.0 | 37.00 | NOTE | |||
r-prerel-windows-x86_64 | 1.0 | 70.00 | 206.00 | 276.00 | NOTE | |
r-patched-linux-x86_64 | 1.0 | 85.88 | 31.90 | 117.78 | NOTE | |
r-release-linux-x86_64 | 1.0 | 86.47 | 31.03 | 117.50 | NOTE | |
r-release-macos-arm64 | 1.0 | 44.00 | NOTE | |||
r-release-macos-x86_64 | 1.0 | 72.00 | NOTE | |||
r-release-windows-x86_64 | 1.0 | 94.00 | 76.00 | 170.00 | NOTE | |
r-oldrel-macos-arm64 | 1.0 | 39.00 | OK | |||
r-oldrel-windows-x86_64 | 1.0 | 91.00 | 73.00 | 164.00 | OK |
Version: 1.0
Check: C++ specification
Result: NOTE
Specified C++11: please drop specification unless essential
Flavors: r-devel-linux-x86_64-debian-clang, r-devel-linux-x86_64-debian-gcc, r-devel-linux-x86_64-fedora-clang, r-devel-linux-x86_64-fedora-gcc, r-prerel-macos-arm64, r-prerel-windows-x86_64, r-patched-linux-x86_64, r-release-linux-x86_64, r-release-macos-arm64, r-release-macos-x86_64, r-release-windows-x86_64