Last updated on 2024-04-22 12:55:59 CEST.
Flavor | Version | Tinstall | Tcheck | Ttotal | Status | Flags |
---|---|---|---|---|---|---|
r-devel-linux-x86_64-debian-clang | 2.1-14 | 3.85 | 29.99 | 33.84 | OK | |
r-devel-linux-x86_64-debian-gcc | 2.1-14 | 3.38 | 23.09 | 26.47 | OK | |
r-devel-linux-x86_64-fedora-clang | 2.1-14 | 43.51 | NOTE | |||
r-devel-linux-x86_64-fedora-gcc | 2.1-14 | 42.41 | OK | |||
r-prerel-macos-arm64 | 2.1-14 | 17.00 | OK | |||
r-prerel-windows-x86_64 | 2.1-14 | 7.00 | 43.00 | 50.00 | OK | |
r-patched-linux-x86_64 | 2.1-14 | 4.28 | 28.63 | 32.91 | OK | |
r-release-linux-x86_64 | 2.1-14 | 3.63 | 29.14 | 32.77 | OK | |
r-release-macos-arm64 | 2.1-14 | 18.00 | OK | |||
r-release-macos-x86_64 | 2.1-14 | 25.00 | OK | |||
r-release-windows-x86_64 | 2.1-14 | 11.00 | 45.00 | 56.00 | OK | |
r-oldrel-macos-arm64 | 2.1-14 | 18.00 | OK | |||
r-oldrel-windows-x86_64 | 2.1-14 | 17.00 | 49.00 | 66.00 | OK |
Version: 2.1-14
Check: Rd cross-references
Result: NOTE
Undeclared package ‘dtw’ in Rd xrefs
Flavor: r-devel-linux-x86_64-fedora-clang