Last updated on 2025-05-06 12:49:53 CEST.
Flavor | Version | Tinstall | Tcheck | Ttotal | Status | Flags |
---|---|---|---|---|---|---|
r-devel-linux-x86_64-debian-clang | 0.5.7 | 6.25 | 47.61 | 53.86 | NOTE | |
r-devel-linux-x86_64-debian-gcc | 0.5.7 | 3.64 | 34.39 | 38.03 | NOTE | |
r-devel-linux-x86_64-fedora-clang | 0.5.7 | 84.06 | OK | |||
r-devel-linux-x86_64-fedora-gcc | 0.5.7 | 76.63 | OK | |||
r-devel-windows-x86_64 | 0.5.7 | 8.00 | 67.00 | 75.00 | OK | |
r-patched-linux-x86_64 | 0.5.7 | 6.02 | 41.50 | 47.52 | OK | |
r-release-linux-x86_64 | 0.5.7 | 3.80 | 42.96 | 46.76 | OK | |
r-release-macos-arm64 | 0.5.7 | 28.00 | OK | |||
r-release-macos-x86_64 | 0.5.7 | 45.00 | OK | |||
r-release-windows-x86_64 | 0.5.7 | 10.00 | 66.00 | 76.00 | OK | |
r-oldrel-macos-arm64 | 0.5.7 | 29.00 | OK | |||
r-oldrel-macos-x86_64 | 0.5.7 | 43.00 | OK | |||
r-oldrel-windows-x86_64 | 0.5.7 | 11.00 | 78.00 | 89.00 | OK |
Version: 0.5.7
Check: CRAN incoming feasibility
Result: NOTE
Maintainer: ‘Bryan Gertzel <bryan.gertzel@anu.edu.au>’
No Authors@R field in DESCRIPTION.
Please add one, modifying
Authors@R: c(person(given = "Bryan",
family = "Gertzel",
role = c("aut", "cre"),
email = "bryan.gertzel@anu.edu.au"),
person(given = "Robert",
family = "Ackland",
role = "aut"))
as necessary.
Flavors: r-devel-linux-x86_64-debian-clang, r-devel-linux-x86_64-debian-gcc