CRAN Package Check Results for Package VARshrink

Last updated on 2022-06-26 11:52:47 CEST.

Flavor Version Tinstall Tcheck Ttotal Status Flags
r-devel-linux-x86_64-debian-clang 0.3.1 7.62 315.01 322.63 NOTE
r-devel-linux-x86_64-debian-gcc 0.3.1 4.50 223.18 227.68 NOTE
r-devel-linux-x86_64-fedora-clang 0.3.1 380.71 NOTE
r-devel-linux-x86_64-fedora-gcc 0.3.1 380.05 NOTE
r-devel-windows-x86_64 0.3.1 44.00 322.00 366.00 NOTE
r-patched-linux-x86_64 0.3.1 6.61 294.44 301.05 NOTE
r-release-linux-x86_64 0.3.1 4.87 295.74 300.61 NOTE
r-release-macos-arm64 0.3.1 72.00 NOTE
r-release-macos-x86_64 0.3.1 114.00 NOTE
r-release-windows-x86_64 0.3.1 37.00 326.00 363.00 NOTE
r-oldrel-macos-arm64 0.3.1 81.00 NOTE
r-oldrel-macos-x86_64 0.3.1 190.00 NOTE
r-oldrel-windows-ix86+x86_64 0.3.1 13.00 342.00 355.00 NOTE

Check Details

Version: 0.3.1
Check: LazyData
Result: NOTE
     'LazyData' is specified without a 'data' directory
Flavors: r-devel-linux-x86_64-debian-clang, r-devel-linux-x86_64-debian-gcc, r-devel-linux-x86_64-fedora-clang, r-devel-linux-x86_64-fedora-gcc, r-devel-windows-x86_64, r-patched-linux-x86_64, r-release-linux-x86_64, r-release-macos-arm64, r-release-macos-x86_64, r-release-windows-x86_64, r-oldrel-macos-arm64, r-oldrel-macos-x86_64, r-oldrel-windows-ix86+x86_64