Last updated on 2025-07-16 10:49:13 CEST.
Flavor | Version | Tinstall | Tcheck | Ttotal | Status | Flags |
---|---|---|---|---|---|---|
r-devel-linux-x86_64-debian-clang | 0.1.1 | 222.27 | 123.02 | 345.29 | NOTE | |
r-devel-linux-x86_64-debian-gcc | 0.1.1 | 180.57 | 84.50 | 265.07 | NOTE | |
r-devel-linux-x86_64-fedora-clang | 0.1.1 | 634.39 | NOTE | |||
r-devel-linux-x86_64-fedora-gcc | 0.1.1 | 678.27 | NOTE | |||
r-devel-windows-x86_64 | 0.1.1 | 253.00 | 259.00 | 512.00 | NOTE | |
r-patched-linux-x86_64 | 0.1.1 | 266.07 | 134.08 | 400.15 | NOTE | |
r-release-linux-x86_64 | 0.1.1 | 255.24 | 129.24 | 384.48 | NOTE | |
r-release-macos-arm64 | 0.1.1 | 207.00 | NOTE | |||
r-release-macos-x86_64 | 0.1.1 | 174.00 | NOTE | |||
r-release-windows-x86_64 | 0.1.1 | 258.00 | 153.00 | 411.00 | NOTE | |
r-oldrel-macos-arm64 | 0.1.1 | 142.00 | NOTE | |||
r-oldrel-macos-x86_64 | 0.1.1 | 160.00 | NOTE | |||
r-oldrel-windows-x86_64 | 0.1.1 | 304.00 | 182.00 | 486.00 | OK |
Version: 0.1.1
Check: DESCRIPTION meta-information
Result: NOTE
Missing dependency on R >= 4.1.0 because package code uses the pipe
|> or function shorthand \(...) syntax added in R 4.1.0.
File(s) using such syntax:
‘plot_surv.Rd’
Flavors: r-devel-linux-x86_64-debian-clang, r-devel-linux-x86_64-debian-gcc, r-devel-linux-x86_64-fedora-clang, r-devel-linux-x86_64-fedora-gcc, r-devel-windows-x86_64, r-patched-linux-x86_64, r-release-linux-x86_64, r-release-macos-arm64, r-release-macos-x86_64, r-release-windows-x86_64
Version: 0.1.1
Check: installed package size
Result: NOTE
installed size is 24.7Mb
sub-directories of 1Mb or more:
doc 2.2Mb
libs 22.4Mb
Flavors: r-oldrel-macos-arm64, r-oldrel-macos-x86_64