CRAN Package Check Results for Package UtilityFrailtyPH12

Last updated on 2023-12-01 10:53:54 CET.

Flavor Version Tinstall Tcheck Ttotal Status Flags
r-devel-linux-x86_64-debian-clang 1.0 37.05 76.26 113.31 NOTE
r-devel-linux-x86_64-debian-gcc 1.0 27.28 57.41 84.69 NOTE
r-devel-linux-x86_64-fedora-clang 1.0 155.22 NOTE
r-devel-linux-x86_64-fedora-gcc 1.0 151.18 NOTE
r-devel-windows-x86_64 1.0 33.00 96.00 129.00 NOTE
r-patched-linux-x86_64 1.0 30.82 74.90 105.72 NOTE
r-release-linux-x86_64 1.0 32.99 74.08 107.07 NOTE
r-release-macos-arm64 1.0 48.00 NOTE
r-release-macos-x86_64 1.0 70.00 NOTE
r-release-windows-x86_64 1.0 42.00 112.00 154.00 NOTE
r-oldrel-macos-arm64 1.0 44.00 OK
r-oldrel-macos-x86_64 1.0 54.00 OK
r-oldrel-windows-x86_64 1.0 39.00 109.00 148.00 OK

Check Details

Version: 1.0
Check: C++ specification
Result: NOTE Specified C++11: please drop specification unless essential Flavors: r-devel-linux-x86_64-debian-clang, r-devel-linux-x86_64-debian-gcc, r-devel-linux-x86_64-fedora-clang, r-devel-linux-x86_64-fedora-gcc, r-devel-windows-x86_64, r-patched-linux-x86_64, r-release-linux-x86_64, r-release-macos-arm64, r-release-macos-x86_64, r-release-windows-x86_64