CRAN Package Check Results for Package UpSetVP

Last updated on 2025-02-08 13:51:41 CET.

Flavor Version Tinstall Tcheck Ttotal Status Flags
r-devel-linux-x86_64-debian-clang 1.0.0 9.37 72.81 82.18 NOTE
r-devel-linux-x86_64-debian-gcc 1.0.0 6.38 54.60 60.98 NOTE
r-devel-linux-x86_64-fedora-clang 1.0.0 136.20 OK
r-devel-linux-x86_64-fedora-gcc 1.0.0 123.94 OK
r-devel-windows-x86_64 1.0.0 11.00 81.00 92.00 NOTE
r-patched-linux-x86_64 1.0.0 14.70 67.91 82.61 OK
r-release-linux-x86_64 1.0.0 8.59 66.79 75.38 OK
r-release-macos-arm64 1.0.0 37.00 OK
r-release-macos-x86_64 1.0.0 53.00 OK
r-release-windows-x86_64 1.0.0 9.00 78.00 87.00 OK
r-oldrel-macos-arm64 1.0.0 38.00 OK
r-oldrel-macos-x86_64 1.0.0 59.00 NOTE
r-oldrel-windows-x86_64 1.0.0 13.00 97.00 110.00 OK

Check Details

Version: 1.0.0
Check: Rd cross-references
Result: NOTE Found the following Rd file(s) with Rd \link{} targets missing package anchors: barplot_hp.Rd: rdacca.hp upset_vp.Rd: rdacca.hp Please provide package anchors for all Rd \link{} targets not in the package itself and the base packages. Flavors: r-devel-linux-x86_64-debian-clang, r-devel-linux-x86_64-debian-gcc, r-devel-windows-x86_64

Version: 1.0.0
Check: package dependencies
Result: NOTE Package suggested but not available for checking: ‘adespatial’ Flavor: r-oldrel-macos-x86_64