Last updated on 2024-08-31 11:49:43 CEST.
Flavor | Version | Tinstall | Tcheck | Ttotal | Status | Flags |
---|---|---|---|---|---|---|
r-devel-linux-x86_64-debian-clang | 1.4.0 | 7.69 | 60.03 | 67.72 | NOTE | |
r-devel-linux-x86_64-debian-gcc | 1.4.0 | 6.18 | 39.60 | 45.78 | NOTE | |
r-devel-linux-x86_64-fedora-clang | 1.4.0 | 106.81 | NOTE | |||
r-devel-linux-x86_64-fedora-gcc | 1.4.0 | 251.36 | NOTE | |||
r-devel-windows-x86_64 | 1.4.0 | 12.00 | 69.00 | 81.00 | NOTE | |
r-patched-linux-x86_64 | 1.4.0 | 6.68 | 54.15 | 60.83 | NOTE | |
r-release-linux-x86_64 | 1.4.0 | 6.94 | 54.55 | 61.49 | NOTE | |
r-release-macos-arm64 | 1.4.0 | 64.00 | NOTE | |||
r-release-macos-x86_64 | 1.4.0 | 95.00 | NOTE | |||
r-release-windows-x86_64 | 1.4.0 | 10.00 | 84.00 | 94.00 | NOTE | |
r-oldrel-macos-arm64 | 1.4.0 | 66.00 | NOTE | |||
r-oldrel-macos-x86_64 | 1.4.0 | 101.00 | NOTE | |||
r-oldrel-windows-x86_64 | 1.4.0 | 11.00 | 81.00 | 92.00 | NOTE |
Version: 1.4.0
Check: LazyData
Result: NOTE
'LazyData' is specified without a 'data' directory
Flavors: r-devel-linux-x86_64-debian-clang, r-devel-linux-x86_64-debian-gcc, r-devel-linux-x86_64-fedora-clang, r-devel-linux-x86_64-fedora-gcc, r-devel-windows-x86_64, r-patched-linux-x86_64, r-release-linux-x86_64, r-release-macos-arm64, r-release-macos-x86_64, r-release-windows-x86_64, r-oldrel-macos-arm64, r-oldrel-macos-x86_64, r-oldrel-windows-x86_64
Version: 1.4.0
Check: installed package size
Result: NOTE
installed size is 8.1Mb
sub-directories of 1Mb or more:
doc 7.6Mb
Flavors: r-devel-linux-x86_64-fedora-clang, r-devel-windows-x86_64, r-release-macos-arm64, r-release-macos-x86_64, r-release-windows-x86_64, r-oldrel-macos-arm64, r-oldrel-macos-x86_64, r-oldrel-windows-x86_64