CRAN Package Check Results for Package UpSetR

Last updated on 2024-02-25 10:54:41 CET.

Flavor Version Tinstall Tcheck Ttotal Status Flags
r-devel-linux-x86_64-debian-clang 1.4.0 9.24 72.66 81.90 NOTE
r-devel-linux-x86_64-debian-gcc 1.4.0 6.78 53.03 59.81 NOTE
r-devel-linux-x86_64-fedora-clang 1.4.0 99.81 NOTE
r-devel-linux-x86_64-fedora-gcc 1.4.0 198.14 NOTE
r-devel-windows-x86_64 1.4.0 9.00 69.00 78.00 NOTE
r-patched-linux-x86_64 1.4.0 9.13 68.67 77.80 NOTE
r-release-linux-x86_64 1.4.0 7.36 68.70 76.06 NOTE
r-release-macos-arm64 1.4.0 66.00 NOTE
r-release-macos-x86_64 1.4.0 101.00 NOTE
r-release-windows-x86_64 1.4.0 13.00 95.00 108.00 NOTE
r-oldrel-macos-arm64 1.4.0 58.00 NOTE
r-oldrel-windows-x86_64 1.4.0 12.00 84.00 96.00 NOTE

Check Details

Version: 1.4.0
Check: LazyData
Result: NOTE 'LazyData' is specified without a 'data' directory Flavors: r-devel-linux-x86_64-debian-clang, r-devel-linux-x86_64-debian-gcc, r-devel-linux-x86_64-fedora-clang, r-devel-linux-x86_64-fedora-gcc, r-devel-windows-x86_64, r-patched-linux-x86_64, r-release-linux-x86_64, r-release-macos-arm64, r-release-macos-x86_64, r-release-windows-x86_64, r-oldrel-macos-arm64, r-oldrel-windows-x86_64

Version: 1.4.0
Check: installed package size
Result: NOTE installed size is 8.1Mb sub-directories of 1Mb or more: doc 7.6Mb Flavors: r-devel-linux-x86_64-fedora-clang, r-devel-windows-x86_64, r-release-macos-arm64, r-release-macos-x86_64, r-release-windows-x86_64, r-oldrel-macos-arm64, r-oldrel-windows-x86_64