Last updated on 2025-04-29 12:52:53 CEST.
Flavor | Version | Tinstall | Tcheck | Ttotal | Status | Flags |
---|---|---|---|---|---|---|
r-devel-linux-x86_64-debian-clang | 0.1.3 | 1.51 | 15.91 | 17.42 | NOTE | |
r-devel-linux-x86_64-debian-gcc | 0.1.3 | 1.21 | 13.30 | 14.51 | NOTE | |
r-devel-linux-x86_64-fedora-clang | 0.1.3 | 27.46 | OK | |||
r-devel-linux-x86_64-fedora-gcc | 0.1.3 | 27.58 | OK | |||
r-devel-windows-x86_64 | 0.1.3 | 3.00 | 34.00 | 37.00 | OK | |
r-patched-linux-x86_64 | 0.1.3 | 1.54 | 15.47 | 17.01 | OK | |
r-release-linux-x86_64 | 0.1.3 | 1.33 | 15.15 | 16.48 | OK | |
r-release-macos-arm64 | 0.1.3 | 13.00 | OK | |||
r-release-macos-x86_64 | 0.1.3 | 23.00 | OK | |||
r-release-windows-x86_64 | 0.1.3 | 2.00 | 37.00 | 39.00 | OK | |
r-oldrel-macos-arm64 | 0.1.3 | 12.00 | OK | |||
r-oldrel-macos-x86_64 | 0.1.3 | 18.00 | OK | |||
r-oldrel-windows-x86_64 | 0.1.3 | 2.00 | 34.00 | 36.00 | OK |
Version: 0.1.3
Check: CRAN incoming feasibility
Result: NOTE
Maintainer: ‘Jonathan Berrisch <Jonathan@Berrisch.biz>’
No Authors@R field in DESCRIPTION.
Please add one, modifying
Authors@R: person(given = "Jonathan",
family = "Berrisch",
role = c("aut", "cre"),
email = "jonathan@berrisch.biz")
as necessary.
Flavors: r-devel-linux-x86_64-debian-clang, r-devel-linux-x86_64-debian-gcc