Last updated on 2024-03-29 09:55:39 CET.
Flavor | Version | Tinstall | Tcheck | Ttotal | Status | Flags |
---|---|---|---|---|---|---|
r-devel-linux-x86_64-debian-clang | 2.4.0 | 43.74 | 393.72 | 437.46 | OK | |
r-devel-linux-x86_64-debian-gcc | 2.4.0 | 38.09 | 303.76 | 341.85 | OK | |
r-devel-linux-x86_64-fedora-clang | 2.4.0 | 612.24 | OK | |||
r-devel-linux-x86_64-fedora-gcc | 2.4.0 | 574.21 | OK | |||
r-devel-windows-x86_64 | 2.4.0 | 43.00 | 287.00 | 330.00 | WARN | |
r-patched-linux-x86_64 | 2.4.0 | 44.34 | 392.74 | 437.08 | OK | |
r-release-linux-x86_64 | 2.4.0 | 48.43 | 395.41 | 443.84 | OK | |
r-release-macos-arm64 | 2.4.0 | 115.00 | OK | |||
r-release-macos-x86_64 | 2.4.0 | 160.00 | OK | |||
r-release-windows-x86_64 | 2.4.0 | 56.00 | 542.00 | 598.00 | OK | |
r-oldrel-macos-arm64 | 2.4.0 | 112.00 | OK | |||
r-oldrel-windows-x86_64 | 2.4.0 | 55.00 | 326.00 | 381.00 | OK |
Version: 2.4.0
Check: whether package can be installed
Result: WARN
Found the following significant warnings:
Warning: package 'dplyr' was built under R version 4.5.0
Flavor: r-devel-windows-x86_64