Last updated on 2024-04-17 10:41:54 CEST.
Flavor | Version | Tinstall | Tcheck | Ttotal | Status | Flags |
---|---|---|---|---|---|---|
r-devel-linux-x86_64-debian-clang | 0.0-0 | 26.03 | 29.40 | 55.43 | NOTE | |
r-devel-linux-x86_64-debian-gcc | 0.0-0 | 21.39 | 21.97 | 43.36 | NOTE | |
r-devel-linux-x86_64-fedora-clang | 0.0-0 | 76.68 | NOTE | |||
r-devel-linux-x86_64-fedora-gcc | 0.0-0 | 74.71 | NOTE | |||
r-prerel-macos-arm64 | 0.0-0 | 22.00 | NOTE | |||
r-prerel-windows-x86_64 | 0.0-0 | 22.00 | 71.00 | 93.00 | NOTE | |
r-patched-linux-x86_64 | 0.0-0 | 28.04 | 27.93 | 55.97 | NOTE | |
r-release-linux-x86_64 | 0.0-0 | 26.40 | 28.33 | 54.73 | OK | |
r-release-macos-arm64 | 0.0-0 | 25.00 | OK | |||
r-release-macos-x86_64 | 0.0-0 | 36.00 | OK | |||
r-release-windows-x86_64 | 0.0-0 | 24.00 | 69.00 | 93.00 | OK | |
r-oldrel-macos-arm64 | 0.0-0 | 24.00 | OK | |||
r-oldrel-windows-x86_64 | 0.0-0 | 24.00 | 66.00 | 90.00 | OK |
Version: 0.0-0
Check: Rd files
Result: NOTE
checkRd: (-1) reg_1d.Rd:42: Lost braces; missing escapes or markup?
42 | \item Metric input is not in {1,2,3}: Metric does not exist
| ^
checkRd: (-1) reg_2d.Rd:33: Lost braces; missing escapes or markup?
33 | \item Metric input is not in {1,2,3}: Metric does not exist
| ^
Flavors: r-devel-linux-x86_64-debian-clang, r-devel-linux-x86_64-debian-gcc, r-devel-linux-x86_64-fedora-clang, r-devel-linux-x86_64-fedora-gcc, r-prerel-macos-arm64, r-prerel-windows-x86_64, r-patched-linux-x86_64