CRAN Package Check Results for Package UncDecomp

Last updated on 2022-07-05 11:50:07 CEST.

Flavor Version Tinstall Tcheck Ttotal Status Flags
r-devel-linux-x86_64-debian-clang 1.0.1 5.73 58.13 63.86 NOTE
r-devel-linux-x86_64-debian-gcc 1.0.1 5.12 44.21 49.33 NOTE
r-devel-linux-x86_64-fedora-clang 1.0.1 87.31 NOTE
r-devel-linux-x86_64-fedora-gcc 1.0.1 88.30 NOTE
r-devel-windows-x86_64 1.0.1 19.00 84.00 103.00 NOTE
r-patched-linux-x86_64 1.0.1 5.92 56.11 62.03 NOTE
r-release-linux-x86_64 1.0.1 5.33 55.10 60.43 NOTE
r-release-macos-arm64 1.0.1 23.00 NOTE
r-release-macos-x86_64 1.0.1 46.00 NOTE
r-release-windows-x86_64 1.0.1 25.00 208.00 233.00 NOTE
r-oldrel-macos-arm64 1.0.1 31.00 NOTE
r-oldrel-macos-x86_64 1.0.1 39.00 NOTE
r-oldrel-windows-ix86+x86_64 1.0.1 16.00 80.00 96.00 NOTE

Check Details

Version: 1.0.1
Check: LazyData
Result: NOTE
     'LazyData' is specified without a 'data' directory
Flavors: r-devel-linux-x86_64-debian-clang, r-devel-linux-x86_64-debian-gcc, r-devel-linux-x86_64-fedora-clang, r-devel-linux-x86_64-fedora-gcc, r-devel-windows-x86_64, r-patched-linux-x86_64, r-release-linux-x86_64, r-release-macos-arm64, r-release-macos-x86_64, r-release-windows-x86_64, r-oldrel-macos-arm64, r-oldrel-macos-x86_64, r-oldrel-windows-ix86+x86_64

Version: 1.0.1
Check: dependencies in R code
Result: NOTE
    Namespace in Imports field not imported from: ‘dplyr’
     All declared Imports should be used.
Flavors: r-devel-linux-x86_64-fedora-clang, r-devel-linux-x86_64-fedora-gcc, r-release-macos-arm64, r-release-macos-x86_64, r-oldrel-macos-arm64, r-oldrel-macos-x86_64