Last updated on 2024-03-28 09:52:00 CET.
Flavor | Version | Tinstall | Tcheck | Ttotal | Status | Flags |
---|---|---|---|---|---|---|
r-devel-linux-x86_64-debian-clang | 0.1.2 | 2.43 | 31.19 | 33.62 | OK | |
r-devel-linux-x86_64-debian-gcc | 0.1.2 | 2.92 | 25.55 | 28.47 | OK | |
r-devel-linux-x86_64-fedora-clang | 0.1.2 | 46.20 | NOTE | |||
r-devel-linux-x86_64-fedora-gcc | 0.1.2 | 43.07 | NOTE | |||
r-devel-windows-x86_64 | 0.1.2 | 5.00 | 51.00 | 56.00 | OK | |
r-patched-linux-x86_64 | 0.1.2 | 3.46 | 31.59 | 35.05 | OK | |
r-release-linux-x86_64 | 0.1.2 | 4.81 | 31.43 | 36.24 | OK | |
r-release-macos-arm64 | 0.1.2 | 21.00 | OK | |||
r-release-macos-x86_64 | 0.1.2 | 27.00 | OK | |||
r-release-windows-x86_64 | 0.1.2 | 6.00 | 77.00 | 83.00 | OK | |
r-oldrel-macos-arm64 | 0.1.2 | 20.00 | NOTE | |||
r-oldrel-windows-x86_64 | 0.1.2 | 7.00 | 76.00 | 83.00 | OK |
Version: 0.1.2
Check: dependencies in R code
Result: NOTE
Namespace in Imports field not imported from: ‘tsibble’
All declared Imports should be used.
Flavors: r-devel-linux-x86_64-fedora-clang, r-devel-linux-x86_64-fedora-gcc, r-oldrel-macos-arm64