Last updated on 2024-04-24 11:21:09 CEST.
Flavor | Version | Tinstall | Tcheck | Ttotal | Status | Flags |
---|---|---|---|---|---|---|
r-devel-linux-x86_64-debian-clang | 0.1.2 | 3.65 | 32.24 | 35.89 | OK | |
r-devel-linux-x86_64-debian-gcc | 0.1.2 | 2.23 | 24.96 | 27.19 | OK | |
r-devel-linux-x86_64-fedora-clang | 0.1.2 | 46.43 | NOTE | |||
r-devel-linux-x86_64-fedora-gcc | 0.1.2 | 58.15 | OK | |||
r-devel-windows-x86_64 | 0.1.2 | 4.00 | 49.00 | 53.00 | NOTE | |
r-patched-linux-x86_64 | 0.1.2 | 3.60 | 31.65 | 35.25 | OK | |
r-release-linux-x86_64 | 0.1.2 | 3.12 | 29.78 | 32.90 | OK | |
r-release-macos-arm64 | 0.1.2 | 36.00 | NOTE | |||
r-release-windows-x86_64 | 0.1.2 | 5.00 | 48.00 | 53.00 | NOTE | |
r-oldrel-macos-arm64 | 0.1.2 | 23.00 | NOTE | |||
r-oldrel-macos-x86_64 | 0.1.2 | 56.00 | NOTE | |||
r-oldrel-windows-x86_64 | 0.1.2 | 5.00 | 70.00 | 75.00 | NOTE |
Version: 0.1.2
Check: installed package size
Result: NOTE
installed size is 5.3Mb
sub-directories of 1Mb or more:
doc 3.8Mb
Flavors: r-devel-linux-x86_64-fedora-clang, r-devel-windows-x86_64, r-release-macos-arm64, r-release-windows-x86_64, r-oldrel-macos-arm64, r-oldrel-macos-x86_64, r-oldrel-windows-x86_64