Last updated on 2024-04-19 11:57:04 CEST.
Flavor | Version | Tinstall | Tcheck | Ttotal | Status | Flags |
---|---|---|---|---|---|---|
r-devel-linux-x86_64-debian-clang | 0.0-3 | 59.63 | 77.12 | 136.75 | NOTE | |
r-devel-linux-x86_64-debian-gcc | 0.0-3 | NOTE | ||||
r-devel-linux-x86_64-fedora-clang | 0.0-3 | 184.08 | NOTE | |||
r-devel-linux-x86_64-fedora-gcc | 0.0-3 | 182.44 | NOTE | |||
r-prerel-macos-arm64 | 0.0-3 | 46.00 | NOTE | |||
r-prerel-windows-x86_64 | 0.0-3 | 43.00 | 210.00 | 253.00 | NOTE | |
r-patched-linux-x86_64 | 0.0-3 | 59.21 | 75.18 | 134.39 | NOTE | |
r-release-linux-x86_64 | 0.0-3 | 53.12 | 79.83 | 132.95 | NOTE | |
r-release-macos-arm64 | 0.0-3 | 59.00 | NOTE | |||
r-release-macos-x86_64 | 0.0-3 | 87.00 | NOTE | |||
r-release-windows-x86_64 | 0.0-3 | 58.00 | 119.00 | 177.00 | NOTE | |
r-oldrel-macos-arm64 | 0.0-3 | 52.00 | NOTE | |||
r-oldrel-windows-x86_64 | 0.0-3 | 56.00 | 121.00 | 177.00 | OK |
Version: 0.0-3
Check: C++ specification
Result: NOTE
Specified C++11: please drop specification unless essential
Flavors: r-devel-linux-x86_64-debian-clang, r-devel-linux-x86_64-debian-gcc, r-devel-linux-x86_64-fedora-clang, r-devel-linux-x86_64-fedora-gcc, r-prerel-macos-arm64, r-prerel-windows-x86_64, r-patched-linux-x86_64, r-release-linux-x86_64, r-release-macos-arm64, r-release-macos-x86_64, r-release-windows-x86_64
Version: 0.0-3
Check: installed package size
Result: NOTE
installed size is 5.3Mb
sub-directories of 1Mb or more:
libs 5.1Mb
Flavors: r-release-macos-arm64, r-oldrel-macos-arm64