Last updated on 2024-04-17 10:41:54 CEST.
Flavor | Version | Tinstall | Tcheck | Ttotal | Status | Flags |
---|---|---|---|---|---|---|
r-devel-linux-x86_64-debian-clang | 0.2 | 13.03 | 100.85 | 113.88 | NOTE | |
r-devel-linux-x86_64-debian-gcc | 0.2 | 9.50 | 74.89 | 84.39 | NOTE | |
r-devel-linux-x86_64-fedora-clang | 0.2 | 146.03 | NOTE | |||
r-devel-linux-x86_64-fedora-gcc | 0.2 | 134.71 | NOTE | |||
r-prerel-macos-arm64 | 0.2 | 36.00 | NOTE | |||
r-prerel-windows-x86_64 | 0.2 | 11.00 | 91.00 | 102.00 | NOTE | |
r-patched-linux-x86_64 | 0.2 | 13.81 | 100.42 | 114.23 | NOTE | |
r-release-linux-x86_64 | 0.2 | 11.40 | 98.25 | 109.65 | NOTE | |
r-release-macos-arm64 | 0.2 | 45.00 | NOTE | |||
r-release-macos-x86_64 | 0.2 | 69.00 | NOTE | |||
r-release-windows-x86_64 | 0.2 | 14.00 | 123.00 | 137.00 | NOTE | |
r-oldrel-macos-arm64 | 0.2 | 39.00 | NOTE | |||
r-oldrel-windows-x86_64 | 0.2 | 17.00 | 125.00 | 142.00 | NOTE |
Version: 0.2
Check: LazyData
Result: NOTE
'LazyData' is specified without a 'data' directory
Flavors: r-devel-linux-x86_64-debian-clang, r-devel-linux-x86_64-debian-gcc, r-devel-linux-x86_64-fedora-clang, r-devel-linux-x86_64-fedora-gcc, r-prerel-macos-arm64, r-prerel-windows-x86_64, r-patched-linux-x86_64, r-release-linux-x86_64, r-release-macos-arm64, r-release-macos-x86_64, r-release-windows-x86_64, r-oldrel-macos-arm64, r-oldrel-windows-x86_64