Last updated on 2024-03-29 09:55:39 CET.
Flavor | Version | Tinstall | Tcheck | Ttotal | Status | Flags |
---|---|---|---|---|---|---|
r-devel-linux-x86_64-debian-clang | 1.3-42 | 13.29 | 113.02 | 126.31 | OK | |
r-devel-linux-x86_64-debian-gcc | 1.3-42 | 10.08 | 84.29 | 94.37 | OK | |
r-devel-linux-x86_64-fedora-clang | 1.3-42 | 156.01 | NOTE | |||
r-devel-linux-x86_64-fedora-gcc | 1.3-42 | 152.17 | OK | |||
r-devel-windows-x86_64 | 1.3-42 | 11.00 | 105.00 | 116.00 | OK | |
r-patched-linux-x86_64 | 1.3-42 | 19.81 | 108.82 | 128.63 | OK | |
r-release-linux-x86_64 | 1.3-42 | 11.82 | 109.95 | 121.77 | OK | |
r-release-macos-arm64 | 1.3-42 | 52.00 | OK | |||
r-release-macos-x86_64 | 1.3-42 | 119.00 | OK | |||
r-release-windows-x86_64 | 1.3-42 | 15.00 | 141.00 | 156.00 | OK | |
r-oldrel-macos-arm64 | 1.3-42 | 48.00 | OK | |||
r-oldrel-windows-x86_64 | 1.3-42 | 16.00 | 153.00 | 169.00 | OK |
Version: 1.3-42
Check: Rd cross-references
Result: NOTE
Undeclared packages ‘multcomp’, ‘agricolae’ in Rd xrefs
Flavor: r-devel-linux-x86_64-fedora-clang